CRAN Package Check Results for Package nadiv

Last updated on 2018-04-29 01:47:11 CEST.

Flavor Version Tinstall Tcheck Ttotal Status Flags
r-devel-linux-x86_64-debian-clang 2.14.3.1 13.92 61.76 75.68 WARN
r-devel-linux-x86_64-debian-gcc 2.14.3.1 10.64 56.09 66.73 WARN
r-devel-linux-x86_64-fedora-clang 2.14.3.1 96.40 WARN
r-devel-linux-x86_64-fedora-gcc 2.14.3.1 89.29 WARN
r-devel-windows-ix86+x86_64 2.14.3.1 50.00 97.00 147.00 WARN
r-patched-linux-x86_64 2.14.3.1 13.82 61.12 74.94 WARN
r-patched-solaris-x86 2.14.3.1 142.30 WARN
r-release-linux-x86_64 2.14.3.1 13.36 61.41 74.77 WARN
r-release-windows-ix86+x86_64 2.14.3.1 50.00 97.00 147.00 WARN
r-release-osx-x86_64 2.14.3.1 WARN
r-oldrel-windows-ix86+x86_64 2.14.3.1 29.00 126.00 155.00 WARN
r-oldrel-osx-x86_64 2.14.3.1 NOTE

Check Details

Version: 2.14.3.1
Check: package dependencies
Result: NOTE
    Package which this enhances but not available for checking: ‘asreml’
Flavors: r-devel-linux-x86_64-debian-clang, r-devel-linux-x86_64-debian-gcc, r-devel-linux-x86_64-fedora-clang, r-devel-linux-x86_64-fedora-gcc, r-devel-windows-ix86+x86_64, r-patched-linux-x86_64, r-patched-solaris-x86, r-release-linux-x86_64, r-release-windows-ix86+x86_64, r-release-osx-x86_64, r-oldrel-windows-ix86+x86_64, r-oldrel-osx-x86_64

Version: 2.14.3.1
Check: compiled code
Result: NOTE
    File ‘nadiv/libs/nadiv.so’:
     Found no calls to: ‘R_registerRoutines’, ‘R_useDynamicSymbols’
    
    It is good practice to register native routines and to disable symbol
    search.
    
    See ‘Writing portable packages’ in the ‘Writing R Extensions’ manual.
Flavors: r-devel-linux-x86_64-debian-clang, r-devel-linux-x86_64-debian-gcc, r-devel-linux-x86_64-fedora-clang, r-devel-linux-x86_64-fedora-gcc, r-patched-linux-x86_64, r-release-linux-x86_64

Version: 2.14.3.1
Check: examples
Result: WARN
    Found the following significant warnings:
    
     Warning: 'rBind' is deprecated.
     Warning: 'cBind' is deprecated.
    Deprecated functions may be defunct as soon as of the next release of
    R.
    See ?Deprecated.
Flavors: r-devel-linux-x86_64-debian-clang, r-devel-linux-x86_64-debian-gcc, r-devel-linux-x86_64-fedora-clang, r-devel-linux-x86_64-fedora-gcc, r-patched-linux-x86_64, r-patched-solaris-x86, r-release-linux-x86_64, r-release-osx-x86_64

Version: 2.14.3.1
Check: running examples for arch ‘i386’
Result: WARN
    Found the following significant warnings:
    
     Warning: 'rBind' is deprecated.
     Warning: 'cBind' is deprecated.
    Deprecated functions may be defunct as soon as of the next release of
    R.
    See ?Deprecated.
Flavors: r-devel-windows-ix86+x86_64, r-release-windows-ix86+x86_64, r-oldrel-windows-ix86+x86_64

Version: 2.14.3.1
Check: running examples for arch ‘x64’
Result: WARN
    Found the following significant warnings:
    
     Warning: 'rBind' is deprecated.
     Warning: 'cBind' is deprecated.
    Deprecated functions may be defunct as soon as of the next release of
    R.
    See ?Deprecated.
Flavors: r-devel-windows-ix86+x86_64, r-release-windows-ix86+x86_64, r-oldrel-windows-ix86+x86_64