CRAN Package Check Results for Package ncdf4.helpers

Last updated on 2018-04-29 01:47:12 CEST.

Flavor Version Tinstall Tcheck Ttotal Status Flags
r-devel-linux-x86_64-debian-clang 0.3-3 1.71 21.31 23.02 NOTE
r-devel-linux-x86_64-debian-gcc 0.3-3 1.31 17.68 18.99 NOTE
r-devel-linux-x86_64-fedora-clang 0.3-3 27.38 NOTE
r-devel-linux-x86_64-fedora-gcc 0.3-3 25.90 NOTE
r-devel-windows-ix86+x86_64 0.3-3 5.00 32.00 37.00 NOTE
r-patched-linux-x86_64 0.3-3 1.35 21.26 22.61 NOTE
r-patched-solaris-x86 0.3-3 43.70 NOTE
r-release-linux-x86_64 0.3-3 1.22 21.02 22.24 NOTE
r-release-windows-ix86+x86_64 0.3-3 5.00 32.00 37.00 NOTE
r-release-osx-x86_64 0.3-3 NOTE
r-oldrel-windows-ix86+x86_64 0.3-3 4.00 33.00 37.00 NOTE
r-oldrel-osx-x86_64 0.3-3 NOTE

Check Details

Version: 0.3-3
Check: R code for possible problems
Result: NOTE
    get.split.filename.cmip5: no visible global function definition for
     ‘tail’
    nc.conform.data : <anonymous>: no visible global function definition
     for ‘na.omit’
    nc.get.subset.recursive: no visible global function definition for
     ‘head’
    nc.get.subset.recursive: no visible global function definition for
     ‘tail’
    nc.put.subset.recursive: no visible global function definition for
     ‘head’
    nc.put.subset.recursive: no visible global function definition for
     ‘tail’
    Undefined global functions or variables:
     head na.omit tail
    Consider adding
     importFrom("stats", "na.omit")
     importFrom("utils", "head", "tail")
    to your NAMESPACE file.
Flavors: r-devel-linux-x86_64-debian-clang, r-devel-linux-x86_64-debian-gcc, r-devel-linux-x86_64-fedora-clang, r-devel-linux-x86_64-fedora-gcc, r-devel-windows-ix86+x86_64, r-patched-linux-x86_64, r-patched-solaris-x86, r-release-linux-x86_64, r-release-windows-ix86+x86_64, r-release-osx-x86_64, r-oldrel-windows-ix86+x86_64, r-oldrel-osx-x86_64