Last updated on 2018-04-29 01:47:12 CEST.
Flavor | Version | Tinstall | Tcheck | Ttotal | Status | Flags |
---|---|---|---|---|---|---|
r-devel-linux-x86_64-debian-clang | 0.1.0 | 3.36 | 43.98 | 47.34 | OK | |
r-devel-linux-x86_64-debian-gcc | 0.1.0 | 3.36 | 40.49 | 43.85 | OK | |
r-devel-linux-x86_64-fedora-clang | 0.1.0 | 57.79 | NOTE | |||
r-devel-linux-x86_64-fedora-gcc | 0.1.0 | 55.34 | NOTE | |||
r-devel-windows-ix86+x86_64 | 0.1.0 | 11.00 | 82.00 | 93.00 | OK | |
r-patched-linux-x86_64 | 0.1.0 | 2.97 | 43.45 | 46.42 | OK | |
r-patched-solaris-x86 | 0.1.0 | 3.20 | ERROR | |||
r-release-linux-x86_64 | 0.1.0 | 3.78 | 43.38 | 47.16 | OK | |
r-release-windows-ix86+x86_64 | 0.1.0 | 11.00 | 82.00 | 93.00 | OK | |
r-release-osx-x86_64 | 0.1.0 | NOTE | ||||
r-oldrel-windows-ix86+x86_64 | 0.1.0 | 8.00 | 78.00 | 86.00 | OK | |
r-oldrel-osx-x86_64 | 0.1.0 | NOTE |
Version: 0.1.0
Check: data for non-ASCII characters
Result: NOTE
Note: found 5 marked UTF-8 strings
Flavors: r-devel-linux-x86_64-fedora-clang, r-devel-linux-x86_64-fedora-gcc, r-release-osx-x86_64, r-oldrel-osx-x86_64
Version: 0.1.0
Check: package dependencies
Result: ERROR
Package required but not available: ‘dataone’
See section ‘The DESCRIPTION file’ in the ‘Writing R Extensions’
manual.
Flavor: r-patched-solaris-x86