CRAN Package Check Results for Package nima

Last updated on 2018-04-29 01:47:12 CEST.

Flavor Version Tinstall Tcheck Ttotal Status Flags
r-devel-linux-x86_64-debian-clang 0.4.5 3.51 43.55 47.06 ERROR
r-devel-linux-x86_64-debian-gcc 0.4.5 3.07 35.76 38.83 ERROR
r-devel-linux-x86_64-fedora-clang 0.4.5 57.21 ERROR
r-devel-linux-x86_64-fedora-gcc 0.4.5 54.72 ERROR
r-devel-windows-ix86+x86_64 0.4.5 13.00 78.00 91.00 ERROR
r-patched-linux-x86_64 0.4.5 3.48 43.70 47.18 ERROR
r-patched-solaris-x86 0.4.5 80.70 ERROR
r-release-linux-x86_64 0.4.5 3.25 43.95 47.20 ERROR
r-release-windows-ix86+x86_64 0.4.5 13.00 78.00 91.00 ERROR
r-release-osx-x86_64 0.4.5 ERROR
r-oldrel-windows-ix86+x86_64 0.4.5 8.00 89.00 97.00 OK
r-oldrel-osx-x86_64 0.4.5 NOTE

Check Details

Version: 0.4.5
Check: tests
Result: ERROR
     Running ‘testthat.R’ [2s/2s]
    Running the tests in ‘tests/testthat.R’ failed.
    Complete output:
     > library(testthat)
     > library(nima)
     nima: Nima Hejazi's R Toolbox
     Version: 0.4.5
     >
     > test_check("nima")
     ── 1. Failure: attrnames finds the names of the attributes of a data frame (@tes
     attrnames(y) not equal to c("names", "row.names", "class").
     2/3 mismatches
     x[2]: "class"
     y[2]: "row.names"
    
     x[3]: "row.names"
     y[3]: "class"
    
     ══ testthat results ═══════════════════════════════════════════════════════════
     OK: 21 SKIPPED: 0 FAILED: 1
     1. Failure: attrnames finds the names of the attributes of a data frame (@test-attribute_names.R#15)
    
     Error: testthat unit tests failed
     Execution halted
Flavor: r-devel-linux-x86_64-debian-clang

Version: 0.4.5
Check: tests
Result: ERROR
     Running ‘testthat.R’ [1s/2s]
    Running the tests in ‘tests/testthat.R’ failed.
    Complete output:
     > library(testthat)
     > library(nima)
     nima: Nima Hejazi's R Toolbox
     Version: 0.4.5
     >
     > test_check("nima")
     ── 1. Failure: attrnames finds the names of the attributes of a data frame (@tes
     attrnames(y) not equal to c("names", "row.names", "class").
     2/3 mismatches
     x[2]: "class"
     y[2]: "row.names"
    
     x[3]: "row.names"
     y[3]: "class"
    
     ══ testthat results ═══════════════════════════════════════════════════════════
     OK: 21 SKIPPED: 0 FAILED: 1
     1. Failure: attrnames finds the names of the attributes of a data frame (@test-attribute_names.R#15)
    
     Error: testthat unit tests failed
     Execution halted
Flavor: r-devel-linux-x86_64-debian-gcc

Version: 0.4.5
Check: dependencies in R code
Result: NOTE
    Namespace in Imports field not imported from: ‘survival’
     All declared Imports should be used.
Flavors: r-devel-linux-x86_64-fedora-clang, r-devel-linux-x86_64-fedora-gcc, r-patched-solaris-x86, r-release-osx-x86_64, r-oldrel-osx-x86_64

Version: 0.4.5
Check: tests
Result: ERROR
     Running ‘testthat.R’
    Running the tests in ‘tests/testthat.R’ failed.
    Complete output:
     > library(testthat)
     > library(nima)
     nima: Nima Hejazi's R Toolbox
     Version: 0.4.5
     >
     > test_check("nima")
     ── 1. Failure: attrnames finds the names of the attributes of a data frame (@tes
     attrnames(y) not equal to c("names", "row.names", "class").
     2/3 mismatches
     x[2]: "class"
     y[2]: "row.names"
    
     x[3]: "row.names"
     y[3]: "class"
    
     ══ testthat results ═══════════════════════════════════════════════════════════
     OK: 21 SKIPPED: 0 FAILED: 1
     1. Failure: attrnames finds the names of the attributes of a data frame (@test-attribute_names.R#15)
    
     Error: testthat unit tests failed
     Execution halted
Flavors: r-devel-linux-x86_64-fedora-clang, r-devel-linux-x86_64-fedora-gcc, r-patched-solaris-x86

Version: 0.4.5
Check: tests
Result: ERROR
     Running 'testthat.R' [3s]
    Running the tests in 'tests/testthat.R' failed.
    Complete output:
     > library(testthat)
     > library(nima)
     nima: Nima Hejazi's R Toolbox
     Version: 0.4.5
     >
     > test_check("nima")
     -- 1. Failure: attrnames finds the names of the attributes of a data frame (@tes
     attrnames(y) not equal to c("names", "row.names", "class").
     2/3 mismatches
     x[2]: "class"
     y[2]: "row.names"
    
     x[3]: "row.names"
     y[3]: "class"
    
     == testthat results ===========================================================
     OK: 21 SKIPPED: 0 FAILED: 1
     1. Failure: attrnames finds the names of the attributes of a data frame (@test-attribute_names.R#15)
    
     Error: testthat unit tests failed
     Execution halted
Flavors: r-devel-windows-ix86+x86_64, r-release-windows-ix86+x86_64

Version: 0.4.5
Check: tests
Result: ERROR
     Running ‘testthat.R’ [2s/3s]
    Running the tests in ‘tests/testthat.R’ failed.
    Complete output:
     > library(testthat)
     > library(nima)
     nima: Nima Hejazi's R Toolbox
     Version: 0.4.5
     >
     > test_check("nima")
     ── 1. Failure: attrnames finds the names of the attributes of a data frame (@tes
     attrnames(y) not equal to c("names", "row.names", "class").
     2/3 mismatches
     x[2]: "class"
     y[2]: "row.names"
    
     x[3]: "row.names"
     y[3]: "class"
    
     ══ testthat results ═══════════════════════════════════════════════════════════
     OK: 21 SKIPPED: 0 FAILED: 1
     1. Failure: attrnames finds the names of the attributes of a data frame (@test-attribute_names.R#15)
    
     Error: testthat unit tests failed
     Execution halted
Flavors: r-patched-linux-x86_64, r-release-linux-x86_64

Version: 0.4.5
Check: tests
Result: ERROR
     Running ‘testthat.R’ [2s/3s]
    Running the tests in ‘tests/testthat.R’ failed.
    Last 13 lines of output:
     ── 1. Failure: attrnames finds the names of the attributes of a data frame (@tes
     attrnames(y) not equal to c("names", "row.names", "class").
     2/3 mismatches
     x[2]: "class"
     y[2]: "row.names"
    
     x[3]: "row.names"
     y[3]: "class"
    
     ══ testthat results ═══════════════════════════════════════════════════════════
     OK: 21 SKIPPED: 0 FAILED: 1
     1. Failure: attrnames finds the names of the attributes of a data frame (@test-attribute_names.R#15)
    
     Error: testthat unit tests failed
     Execution halted
Flavor: r-release-osx-x86_64