CRAN Package Check Results for Package nlreg

Last updated on 2018-04-29 01:47:12 CEST.

Flavor Version Tinstall Tcheck Ttotal Status Flags
r-devel-linux-x86_64-debian-clang 1.2-2.1 9.38 75.17 84.55 NOTE
r-devel-linux-x86_64-debian-gcc 1.2-2.1 7.23 65.94 73.17 NOTE
r-devel-linux-x86_64-fedora-clang 1.2-2.1 105.95 NOTE
r-devel-linux-x86_64-fedora-gcc 1.2-2.1 102.58 NOTE
r-devel-windows-ix86+x86_64 1.2-2.1 15.00 86.00 101.00 OK
r-patched-linux-x86_64 1.2-2.1 8.19 74.92 83.11 NOTE
r-patched-solaris-x86 1.2-2.1 149.20 NOTE
r-release-linux-x86_64 1.2-2.1 9.03 75.43 84.46 NOTE
r-release-windows-ix86+x86_64 1.2-2.1 15.00 86.00 101.00 OK
r-release-osx-x86_64 1.2-2.1 OK
r-oldrel-windows-ix86+x86_64 1.2-2.1 10.00 113.00 123.00 OK
r-oldrel-osx-x86_64 1.2-2.1 OK

Check Details

Version: 1.2-2.1
Check: S3 generic/method consistency
Result: NOTE
    Found the following apparent S3 methods exported but not registered:
     all.profiles.nlreg fitted.values.nlreg
    See section ‘Registering S3 methods’ in the ‘Writing R Extensions’
    manual.
Flavors: r-devel-linux-x86_64-debian-clang, r-devel-linux-x86_64-debian-gcc, r-devel-linux-x86_64-fedora-clang, r-devel-linux-x86_64-fedora-gcc, r-patched-linux-x86_64, r-patched-solaris-x86, r-release-linux-x86_64