CRAN Package Check Results for Package npsp

Last updated on 2018-04-29 01:47:12 CEST.

Flavor Version Tinstall Tcheck Ttotal Status Flags
r-devel-linux-x86_64-debian-clang 0.5-3 6.67 41.00 47.67 NOTE
r-devel-linux-x86_64-debian-gcc 0.5-3 5.32 32.57 37.89 NOTE
r-devel-linux-x86_64-fedora-clang 0.5-3 58.02 NOTE
r-devel-linux-x86_64-fedora-gcc 0.5-3 55.93 NOTE
r-devel-windows-ix86+x86_64 0.5-3 28.00 89.00 117.00 OK
r-patched-linux-x86_64 0.5-3 6.30 40.43 46.73 NOTE
r-patched-solaris-x86 0.5-3 81.70 OK
r-release-linux-x86_64 0.5-3 6.76 40.75 47.51 NOTE
r-release-windows-ix86+x86_64 0.5-3 28.00 89.00 117.00 OK
r-release-osx-x86_64 0.5-3 OK
r-oldrel-windows-ix86+x86_64 0.5-3 17.00 87.00 104.00 OK
r-oldrel-osx-x86_64 0.5-3 OK

Check Details

Version: 0.5-3
Check: compiled code
Result: NOTE
    File ‘npsp/libs/npsp.so’:
     Found no calls to: ‘R_registerRoutines’, ‘R_useDynamicSymbols’
    
    It is good practice to register native routines and to disable symbol
    search.
    
    See ‘Writing portable packages’ in the ‘Writing R Extensions’ manual.
Flavors: r-devel-linux-x86_64-debian-clang, r-devel-linux-x86_64-debian-gcc, r-devel-linux-x86_64-fedora-clang, r-devel-linux-x86_64-fedora-gcc, r-patched-linux-x86_64, r-release-linux-x86_64