CRAN Package Check Results for Package nutshell.bbdb

Last updated on 2018-04-29 01:47:12 CEST.

Flavor Version Tinstall Tcheck Ttotal Status Flags
r-devel-linux-x86_64-debian-clang 1.0 3.65 9.75 13.40 NOTE
r-devel-linux-x86_64-debian-gcc 1.0 2.87 8.52 11.39 NOTE
r-devel-linux-x86_64-fedora-clang 1.0 13.01 NOTE
r-devel-linux-x86_64-fedora-gcc 1.0 12.84 NOTE
r-devel-windows-ix86+x86_64 1.0 14.00 28.00 42.00 NOTE
r-patched-linux-x86_64 1.0 3.30 9.66 12.96 NOTE
r-patched-solaris-x86 1.0 25.10 NOTE
r-release-linux-x86_64 1.0 3.52 9.67 13.19 NOTE
r-release-windows-ix86+x86_64 1.0 14.00 28.00 42.00 NOTE
r-release-osx-x86_64 1.0 NOTE
r-oldrel-windows-ix86+x86_64 1.0 14.00 27.00 41.00 NOTE
r-oldrel-osx-x86_64 1.0 NOTE

Check Details

Version: 1.0
Check: DESCRIPTION meta-information
Result: NOTE
    Malformed Description field: should contain one or more complete sentences.
    Deprecated license: CC BY-NC-ND 3.0 US
Flavors: r-devel-linux-x86_64-debian-clang, r-devel-linux-x86_64-debian-gcc, r-devel-linux-x86_64-fedora-clang, r-devel-linux-x86_64-fedora-gcc, r-patched-linux-x86_64, r-patched-solaris-x86, r-release-linux-x86_64, r-release-osx-x86_64, r-oldrel-osx-x86_64

Version: 1.0
Check: installed package size
Result: NOTE
     installed size is 39.0Mb
     sub-directories of 1Mb or more:
     extdata 38.9Mb
Flavors: r-devel-linux-x86_64-fedora-clang, r-devel-linux-x86_64-fedora-gcc, r-devel-windows-ix86+x86_64, r-patched-solaris-x86, r-release-windows-ix86+x86_64, r-release-osx-x86_64, r-oldrel-windows-ix86+x86_64, r-oldrel-osx-x86_64

Version: 1.0
Check: DESCRIPTION meta-information
Result: NOTE
    Malformed Description field: should contain one or more complete sentences.
Flavors: r-devel-windows-ix86+x86_64, r-release-windows-ix86+x86_64, r-oldrel-windows-ix86+x86_64