Last updated on 2018-04-29 01:47:13 CEST.
Flavor | Version | Tinstall | Tcheck | Ttotal | Status | Flags |
---|---|---|---|---|---|---|
r-devel-linux-x86_64-debian-clang | 0.2-6 | 2.79 | 40.91 | 43.70 | NOTE | |
r-devel-linux-x86_64-debian-gcc | 0.2-6 | 2.32 | 35.57 | 37.89 | NOTE | |
r-devel-linux-x86_64-fedora-clang | 0.2-6 | 45.60 | NOTE | |||
r-devel-linux-x86_64-fedora-gcc | 0.2-6 | 43.61 | NOTE | |||
r-devel-windows-ix86+x86_64 | 0.2-6 | 6.00 | 44.00 | 50.00 | NOTE | |
r-patched-linux-x86_64 | 0.2-6 | 2.90 | 41.22 | 44.12 | NOTE | |
r-patched-solaris-x86 | 0.2-6 | 63.80 | NOTE | |||
r-release-linux-x86_64 | 0.2-6 | 2.42 | 40.85 | 43.27 | NOTE | |
r-release-windows-ix86+x86_64 | 0.2-6 | 6.00 | 44.00 | 50.00 | NOTE | |
r-release-osx-x86_64 | 0.2-6 | NOTE | ||||
r-oldrel-windows-ix86+x86_64 | 0.2-6 | 6.00 | 57.00 | 63.00 | NOTE | |
r-oldrel-osx-x86_64 | 0.2-6 | NOTE |
Version: 0.2-6
Check: package dependencies
Result: NOTE
Package suggested but not available for checking: ‘openNLPmodels.en’
Flavors: r-devel-linux-x86_64-debian-clang, r-devel-linux-x86_64-debian-gcc, r-devel-linux-x86_64-fedora-clang, r-devel-linux-x86_64-fedora-gcc, r-devel-windows-ix86+x86_64, r-patched-linux-x86_64, r-patched-solaris-x86, r-release-linux-x86_64, r-release-windows-ix86+x86_64, r-release-osx-x86_64, r-oldrel-windows-ix86+x86_64, r-oldrel-osx-x86_64