Last updated on 2018-04-29 01:47:13 CEST.
Flavor | Version | Tinstall | Tcheck | Ttotal | Status | Flags |
---|---|---|---|---|---|---|
r-devel-linux-x86_64-debian-clang | 0.8 | 9.51 | 136.40 | 145.91 | NOTE | |
r-devel-linux-x86_64-debian-gcc | 0.8 | 9.69 | 121.68 | 131.37 | NOTE | |
r-devel-linux-x86_64-fedora-clang | 0.8 | 179.63 | NOTE | |||
r-devel-linux-x86_64-fedora-gcc | 0.8 | 175.72 | NOTE | |||
r-devel-windows-ix86+x86_64 | 0.8 | 27.00 | 198.00 | 225.00 | NOTE | |
r-patched-linux-x86_64 | 0.8 | 7.30 | 134.94 | 142.24 | NOTE | |
r-patched-solaris-x86 | 0.8 | 283.40 | NOTE | |||
r-release-linux-x86_64 | 0.8 | 8.07 | 134.68 | 142.75 | NOTE | |
r-release-windows-ix86+x86_64 | 0.8 | 27.00 | 198.00 | 225.00 | NOTE | |
r-release-osx-x86_64 | 0.8 | NOTE | ||||
r-oldrel-windows-ix86+x86_64 | 0.8 | 19.00 | 221.00 | 240.00 | NOTE | |
r-oldrel-osx-x86_64 | 0.8 | NOTE |
Version: 0.8
Check: R code for possible problems
Result: NOTE
BTLboost: no visible global function definition for ‘as.formula’
design: no visible global function definition for ‘as.formula’
wide2long: no visible global function definition for ‘reshape’
Undefined global functions or variables:
as.formula reshape
Consider adding
importFrom("stats", "as.formula", "reshape")
to your NAMESPACE file.
Flavors: r-devel-linux-x86_64-debian-clang, r-devel-linux-x86_64-debian-gcc, r-devel-linux-x86_64-fedora-clang, r-devel-linux-x86_64-fedora-gcc, r-devel-windows-ix86+x86_64, r-patched-linux-x86_64, r-patched-solaris-x86, r-release-linux-x86_64, r-release-windows-ix86+x86_64, r-release-osx-x86_64, r-oldrel-windows-ix86+x86_64, r-oldrel-osx-x86_64