Last updated on 2018-04-29 01:47:13 CEST.
Flavor | Version | Tinstall | Tcheck | Ttotal | Status | Flags |
---|---|---|---|---|---|---|
r-devel-linux-x86_64-debian-clang | 0.3.0 | 9.21 | 180.26 | 189.47 | OK | |
r-devel-linux-x86_64-debian-gcc | 0.3.0 | 8.68 | 151.94 | 160.62 | OK | |
r-devel-linux-x86_64-fedora-clang | 0.3.0 | 231.30 | NOTE | |||
r-devel-linux-x86_64-fedora-gcc | 0.3.0 | 221.54 | NOTE | |||
r-devel-windows-ix86+x86_64 | 0.3.0 | 22.00 | 260.00 | 282.00 | NOTE | |
r-patched-linux-x86_64 | 0.3.0 | 6.91 | 184.89 | 191.80 | OK | |
r-patched-solaris-x86 | 0.3.0 | 315.80 | NOTE | |||
r-release-linux-x86_64 | 0.3.0 | 8.46 | 179.11 | 187.57 | OK | |
r-release-windows-ix86+x86_64 | 0.3.0 | 22.00 | 260.00 | 282.00 | NOTE | |
r-release-osx-x86_64 | 0.3.0 | NOTE | ||||
r-oldrel-windows-ix86+x86_64 | 0.3.0 | 14.00 | 219.00 | 233.00 | NOTE | |
r-oldrel-osx-x86_64 | 0.3.0 | NOTE |
Version: 0.3.0
Check: installed package size
Result: NOTE
installed size is 6.5Mb
sub-directories of 1Mb or more:
doc 5.9Mb
Flavors: r-devel-linux-x86_64-fedora-clang, r-devel-linux-x86_64-fedora-gcc, r-devel-windows-ix86+x86_64, r-patched-solaris-x86, r-release-windows-ix86+x86_64, r-release-osx-x86_64, r-oldrel-windows-ix86+x86_64, r-oldrel-osx-x86_64