Last updated on 2018-04-29 01:47:13 CEST.
Flavor | Version | Tinstall | Tcheck | Ttotal | Status | Flags |
---|---|---|---|---|---|---|
r-devel-linux-x86_64-debian-clang | 1.0-2 | 3.62 | 64.99 | 68.61 | OK | |
r-devel-linux-x86_64-debian-gcc | 1.0-2 | 3.49 | 56.87 | 60.36 | OK | |
r-devel-linux-x86_64-fedora-clang | 1.0-2 | 85.16 | OK | |||
r-devel-linux-x86_64-fedora-gcc | 1.0-2 | 83.17 | OK | |||
r-devel-windows-ix86+x86_64 | 1.0-2 | 11.00 | 111.00 | 122.00 | OK | |
r-patched-linux-x86_64 | 1.0-2 | 3.92 | 64.71 | 68.63 | OK | |
r-patched-solaris-x86 | 1.0-2 | 119.30 | OK | |||
r-release-linux-x86_64 | 1.0-2 | 2.63 | 64.60 | 67.23 | OK | |
r-release-windows-ix86+x86_64 | 1.0-2 | 11.00 | 111.00 | 122.00 | OK | |
r-release-osx-x86_64 | 1.0-2 | OK | ||||
r-oldrel-windows-ix86+x86_64 | 1.0-2 | 7.00 | 140.00 | 147.00 | OK | |
r-oldrel-osx-x86_64 | 1.0-2 | WARN |
Version: 1.0-2
Check: re-building of vignette outputs
Result: WARN
Error in re-building vignettes:
...
Factors are dropped from the summary
Warning: running command 'kpsewhich framed.sty' had status 1
Warning in test_latex_pkg("framed", system.file("misc", "framed.sty", package = "knitr")) :
unable to find LaTeX package 'framed'; will use a copy from knitr
Factors are dropped from the summary
Factors are dropped from the summary
Factors are dropped from the summary
Factors are dropped from the summary
Non-factors are dropped from the summary
Error in texi2dvi(file = file, pdf = TRUE, clean = clean, quiet = quiet, :
Running 'texi2dvi' on 'papeR_with_latex.tex' failed.
LaTeX errors:
! LaTeX Error: File `capt-of.sty' not found.
Type X to quit or <RETURN> to proceed,
or enter new name. (Default extension: sty)
! Emergency stop.
<read *>
l.55 ^^M
! ==> Fatal error occurred, no output PDF file produced!
Calls: buildVignettes -> texi2pdf -> texi2dvi
Execution halted
Flavor: r-oldrel-osx-x86_64