Last updated on 2018-04-29 01:47:14 CEST.
Flavor | Version | Tinstall | Tcheck | Ttotal | Status | Flags |
---|---|---|---|---|---|---|
r-devel-linux-x86_64-debian-clang | 0.4-7 | 5.99 | 117.92 | 123.91 | OK | |
r-devel-linux-x86_64-debian-gcc | 0.4-7 | 6.00 | 114.77 | 120.77 | OK | |
r-devel-linux-x86_64-fedora-clang | 0.4-7 | 155.22 | OK | |||
r-devel-linux-x86_64-fedora-gcc | 0.4-7 | 148.77 | OK | |||
r-devel-windows-ix86+x86_64 | 0.4-7 | 16.00 | 167.00 | 183.00 | OK | |
r-patched-linux-x86_64 | 0.4-7 | 5.83 | 122.93 | 128.76 | OK | |
r-patched-solaris-x86 | 0.4-7 | 202.30 | OK | |||
r-release-linux-x86_64 | 0.4-7 | 4.84 | 122.80 | 127.64 | OK | |
r-release-windows-ix86+x86_64 | 0.4-7 | 16.00 | 167.00 | 183.00 | OK | |
r-release-osx-x86_64 | 0.4-7 | OK | ||||
r-oldrel-windows-ix86+x86_64 | 0.4-7 | 9.00 | 176.00 | 185.00 | OK | |
r-oldrel-osx-x86_64 | 0.4-7 | NOTE |
Version: 0.4-7
Check: re-building of vignette outputs
Result: NOTE
Error in re-building vignettes:
...
Loading required package: pbkrtest
Loading required package: lme4
Loading required package: Matrix
refitting model(s) with ML (instead of REML)
refitting model(s) with ML (instead of REML)
[[ suppressing 10 column names '1', '2', '3' ... ]]
[[ suppressing 10 column names '1', '2', '3' ... ]]
Error in texi2dvi(file = file, pdf = TRUE, clean = clean, quiet = quiet, :
Running 'texi2dvi' on 'pbkrtest-introduction.tex' failed.
LaTeX errors:
! LaTeX Error: File `boxedminipage.sty' not found.
Type X to quit or <RETURN> to proceed,
or enter new name. (Default extension: sty)
! Emergency stop.
<read *>
l.10 \usepackage
[noae]{Sweave}^^M
! ==> Fatal error occurred, no output PDF file produced!
Calls: buildVignettes -> texi2pdf -> texi2dvi
Execution halted
Flavor: r-oldrel-osx-x86_64