Last updated on 2018-04-29 01:47:14 CEST.
Flavor | Version | Tinstall | Tcheck | Ttotal | Status | Flags |
---|---|---|---|---|---|---|
r-devel-linux-x86_64-debian-clang | 0.2.2 | 14.23 | 54.75 | 68.98 | NOTE | |
r-devel-linux-x86_64-debian-gcc | 0.2.2 | 12.36 | 42.80 | 55.16 | NOTE | |
r-devel-linux-x86_64-fedora-clang | 0.2.2 | 89.11 | NOTE | |||
r-devel-linux-x86_64-fedora-gcc | 0.2.2 | 82.59 | NOTE | |||
r-devel-windows-ix86+x86_64 | 0.2.2 | 47.00 | 127.00 | 174.00 | OK | |
r-patched-linux-x86_64 | 0.2.2 | 16.56 | 54.69 | 71.25 | NOTE | |
r-patched-solaris-x86 | 0.2.2 | 100.00 | OK | |||
r-release-linux-x86_64 | 0.2.2 | 15.50 | 53.50 | 69.00 | NOTE | |
r-release-windows-ix86+x86_64 | 0.2.2 | 47.00 | 127.00 | 174.00 | OK | |
r-release-osx-x86_64 | 0.2.2 | OK | ||||
r-oldrel-windows-ix86+x86_64 | 0.2.2 | 28.00 | 128.00 | 156.00 | OK | |
r-oldrel-osx-x86_64 | 0.2.2 | OK |
Version: 0.2.2
Check: compiled code
Result: NOTE
File ‘pcIRT/libs/pcIRT.so’:
Found no calls to: ‘R_registerRoutines’, ‘R_useDynamicSymbols’
It is good practice to register native routines and to disable symbol
search.
See ‘Writing portable packages’ in the ‘Writing R Extensions’ manual.
Flavors: r-devel-linux-x86_64-debian-clang, r-devel-linux-x86_64-debian-gcc, r-devel-linux-x86_64-fedora-clang, r-devel-linux-x86_64-fedora-gcc, r-patched-linux-x86_64, r-release-linux-x86_64