Last updated on 2018-04-29 01:47:14 CEST.
Flavor | Version | Tinstall | Tcheck | Ttotal | Status | Flags |
---|---|---|---|---|---|---|
r-devel-linux-x86_64-debian-clang | 1.1.0 | 3.62 | 39.21 | 42.83 | OK | |
r-devel-linux-x86_64-debian-gcc | 1.1.0 | 4.81 | 32.83 | 37.64 | OK | |
r-devel-linux-x86_64-fedora-clang | 1.1.0 | 55.11 | OK | |||
r-devel-linux-x86_64-fedora-gcc | 1.1.0 | 53.40 | OK | |||
r-devel-windows-ix86+x86_64 | 1.1.0 | 13.00 | 63.00 | 76.00 | OK | |
r-patched-linux-x86_64 | 1.1.0 | 4.20 | 39.56 | 43.76 | OK | |
r-patched-solaris-x86 | 1.1.0 | 70.70 | OK | |||
r-release-linux-x86_64 | 1.1.0 | 4.19 | 39.26 | 43.45 | OK | |
r-release-windows-ix86+x86_64 | 1.1.0 | 13.00 | 63.00 | 76.00 | OK | |
r-release-osx-x86_64 | 1.1.0 | OK | ||||
r-oldrel-windows-ix86+x86_64 | 1.1.0 | 6.00 | 68.00 | 74.00 | OK | |
r-oldrel-osx-x86_64 | 1.1.0 | NOTE |
Version: 1.1.0
Check: package dependencies
Result: NOTE
Package suggested but not available for checking: ‘devtools’
Flavor: r-oldrel-osx-x86_64