CRAN Package Check Results for Package pmxTools

Last updated on 2018-04-29 01:47:15 CEST.

Flavor Version Tinstall Tcheck Ttotal Status Flags
r-devel-linux-x86_64-debian-clang 0.1.0 4.99 47.57 52.56 OK
r-devel-linux-x86_64-debian-gcc 0.1.0 5.61 40.00 45.61 OK
r-devel-linux-x86_64-fedora-clang 0.1.0 66.40 NOTE
r-devel-linux-x86_64-fedora-gcc 0.1.0 64.07 NOTE
r-devel-windows-ix86+x86_64 0.1.0 16.00 87.00 103.00 OK
r-patched-linux-x86_64 0.1.0 7.10 47.06 54.16 OK
r-patched-solaris-x86 0.1.0 86.40 NOTE
r-release-linux-x86_64 0.1.0 6.92 47.03 53.95 OK
r-release-windows-ix86+x86_64 0.1.0 16.00 87.00 103.00 OK
r-release-osx-x86_64 0.1.0 NOTE
r-oldrel-windows-ix86+x86_64 0.1.0 7.00 92.00 99.00 OK
r-oldrel-osx-x86_64 0.1.0 NOTE

Check Details

Version: 0.1.0
Check: dependencies in R code
Result: NOTE
    Namespaces in Imports field not imported from:
     ‘GGally’ ‘PKNCA’ ‘grid’ ‘magrittr’ ‘plyr’ ‘xpose’
     All declared Imports should be used.
Flavors: r-devel-linux-x86_64-fedora-clang, r-devel-linux-x86_64-fedora-gcc, r-patched-solaris-x86, r-release-osx-x86_64, r-oldrel-osx-x86_64