CRAN Package Check Results for Package poio

Last updated on 2018-04-29 01:47:15 CEST.

Flavor Version Tinstall Tcheck Ttotal Status Flags
r-devel-linux-x86_64-debian-clang 0.0-3 3.87 49.40 53.27 OK
r-devel-linux-x86_64-debian-gcc 0.0-3 3.52 41.20 44.72 OK
r-devel-linux-x86_64-fedora-clang 0.0-3 64.77 NOTE
r-devel-linux-x86_64-fedora-gcc 0.0-3 62.25 NOTE
r-devel-windows-ix86+x86_64 0.0-3 11.00 97.00 108.00 OK
r-patched-linux-x86_64 0.0-3 4.54 49.32 53.86 OK
r-patched-solaris-x86 0.0-3 91.20 NOTE
r-release-linux-x86_64 0.0-3 4.41 49.45 53.86 OK
r-release-windows-ix86+x86_64 0.0-3 11.00 97.00 108.00 OK
r-release-osx-x86_64 0.0-3 NOTE
r-oldrel-windows-ix86+x86_64 0.0-3 6.00 79.00 85.00 OK
r-oldrel-osx-x86_64 0.0-3 NOTE

Check Details

Version: 0.0-3
Check: data for non-ASCII characters
Result: NOTE
     Note: found 8 marked UTF-8 strings
Flavors: r-devel-linux-x86_64-fedora-clang, r-devel-linux-x86_64-fedora-gcc, r-patched-solaris-x86, r-release-osx-x86_64, r-oldrel-osx-x86_64