CRAN Package Check Results for Package polypoly

Last updated on 2018-04-29 01:47:15 CEST.

Flavor Version Tinstall Tcheck Ttotal Status Flags
r-devel-linux-x86_64-debian-clang 0.0.2 0.98 31.80 32.78 OK
r-devel-linux-x86_64-debian-gcc 0.0.2 0.78 26.19 26.97 OK
r-devel-linux-x86_64-fedora-clang 0.0.2 38.99 OK
r-devel-linux-x86_64-fedora-gcc 0.0.2 37.73 OK
r-devel-windows-ix86+x86_64 0.0.2 4.00 67.00 71.00 OK
r-patched-linux-x86_64 0.0.2 0.81 30.82 31.63 NOTE
r-patched-solaris-x86 0.0.2 56.20 OK
r-release-linux-x86_64 0.0.2 0.93 30.91 31.84 NOTE
r-release-windows-ix86+x86_64 0.0.2 4.00 67.00 71.00 OK
r-release-osx-x86_64 0.0.2 OK
r-oldrel-windows-ix86+x86_64 0.0.2 2.00 47.00 49.00 OK
r-oldrel-osx-x86_64 0.0.2 OK

Check Details

Version: 0.0.2
Check: DESCRIPTION meta-information
Result: NOTE
    Dependence on R version ‘3.3.3’ not with patchlevel 0
Flavors: r-patched-linux-x86_64, r-release-linux-x86_64