CRAN Package Check Results for Package profile

Last updated on 2018-04-29 01:47:15 CEST.

Flavor Version Tinstall Tcheck Ttotal Status Flags
r-devel-linux-x86_64-debian-clang 1.0 1.57 25.92 27.49 OK
r-devel-linux-x86_64-debian-gcc 1.0 1.34 21.74 23.08 OK
r-devel-linux-x86_64-fedora-clang 1.0 33.91 OK
r-devel-linux-x86_64-fedora-gcc 1.0 31.66 OK
r-devel-windows-ix86+x86_64 1.0 5.00 50.00 55.00 OK
r-patched-linux-x86_64 1.0 1.61 25.39 27.00 OK
r-patched-solaris-x86 1.0 44.00 ERROR
r-release-linux-x86_64 1.0 1.00 25.34 26.34 OK
r-release-windows-ix86+x86_64 1.0 5.00 50.00 55.00 OK
r-release-osx-x86_64 1.0 OK
r-oldrel-windows-ix86+x86_64 1.0 3.00 37.00 40.00 OK
r-oldrel-osx-x86_64 1.0 OK

Check Details

Version: 1.0
Check: package dependencies
Result: NOTE
    Package suggested but not available for checking: ‘RProtoBuf’
Flavor: r-patched-solaris-x86

Version: 1.0
Check: examples
Result: ERROR
    Running examples in ‘profile-Ex.R’ failed
    The error most likely occurred in:
    
    > ### Name: read_rprof
    > ### Title: File I/O for profiler data
    > ### Aliases: read_rprof read_pprof write_rprof write_pprof
    >
    > ### ** Examples
    >
    > rprof_file <- system.file("samples/rprof/1.out", package = "profile")
    > ds <- read_rprof(rprof_file)
    > ds
    Profile data: 22 samples
    > pprof_file <- tempfile("profile", fileext = ".pb.gz")
    > write_pprof(ds, pprof_file)
    Error: Package RProtoBuf is required to read pprof files.
    Execution halted
Flavor: r-patched-solaris-x86