Last updated on 2018-04-29 01:47:15 CEST.
Flavor | Version | Tinstall | Tcheck | Ttotal | Status | Flags |
---|---|---|---|---|---|---|
r-devel-linux-x86_64-debian-clang | 3.1.9 | 38.44 | 305.85 | 344.29 | OK | |
r-devel-linux-x86_64-debian-gcc | 3.1.9 | 34.35 | 235.96 | 270.31 | OK | |
r-devel-linux-x86_64-fedora-clang | 3.1.9 | 423.45 | OK | |||
r-devel-linux-x86_64-fedora-gcc | 3.1.9 | 380.81 | NOTE | |||
r-devel-windows-ix86+x86_64 | 3.1.9 | 107.00 | 474.00 | 581.00 | OK | |
r-patched-linux-x86_64 | 3.1.9 | 41.39 | 302.89 | 344.28 | OK | |
r-patched-solaris-x86 | 3.1.9 | 504.90 | OK | |||
r-release-linux-x86_64 | 3.1.9 | 41.48 | 300.28 | 341.76 | OK | |
r-release-windows-ix86+x86_64 | 3.1.9 | 107.00 | 474.00 | 581.00 | OK | |
r-release-osx-x86_64 | 3.1.9 | NOTE | ||||
r-oldrel-windows-ix86+x86_64 | 3.1.9 | 80.00 | 401.00 | 481.00 | OK | |
r-oldrel-osx-x86_64 | 3.1.9 | NOTE |
Version: 3.1.9
Check: installed package size
Result: NOTE
installed size is 5.6Mb
sub-directories of 1Mb or more:
data 1.5Mb
libs 2.8Mb
Flavor: r-devel-linux-x86_64-fedora-gcc
Version: 3.1.9
Check: package dependencies
Result: NOTE
Package suggested but not available for checking: ‘ALDEx2’
Flavors: r-release-osx-x86_64, r-oldrel-osx-x86_64