Last updated on 2018-04-29 01:47:18 CEST.
Flavor | Version | Tinstall | Tcheck | Ttotal | Status | Flags |
---|---|---|---|---|---|---|
r-devel-linux-x86_64-debian-clang | 0.6.9 | 73.07 | 91.50 | 164.57 | OK | |
r-devel-linux-x86_64-debian-gcc | 0.6.9 | 63.45 | 81.65 | 145.10 | OK | |
r-devel-linux-x86_64-fedora-clang | 0.6.9 | 228.40 | NOTE | |||
r-devel-linux-x86_64-fedora-gcc | 0.6.9 | 216.80 | NOTE | |||
r-devel-windows-ix86+x86_64 | 0.6.9 | 197.00 | 183.00 | 380.00 | OK | |
r-patched-linux-x86_64 | 0.6.9 | 78.01 | 92.89 | 170.90 | OK | |
r-patched-solaris-x86 | 0.6.9 | 226.90 | OK | |||
r-release-linux-x86_64 | 0.6.9 | 80.30 | 90.55 | 170.85 | OK | |
r-release-windows-ix86+x86_64 | 0.6.9 | 197.00 | 183.00 | 380.00 | OK | |
r-release-osx-x86_64 | 0.6.9 | NOTE | ||||
r-oldrel-windows-ix86+x86_64 | 0.6.9 | 142.00 | 208.00 | 350.00 | OK | |
r-oldrel-osx-x86_64 | 0.6.9 | NOTE |
Version: 0.6.9
Check: installed package size
Result: NOTE
installed size is 17.8Mb
sub-directories of 1Mb or more:
doc 2.1Mb
libs 15.4Mb
Flavors: r-devel-linux-x86_64-fedora-clang, r-devel-linux-x86_64-fedora-gcc, r-release-osx-x86_64, r-oldrel-osx-x86_64