Last updated on 2018-04-29 01:47:19 CEST.
Flavor | Version | Tinstall | Tcheck | Ttotal | Status | Flags |
---|---|---|---|---|---|---|
r-devel-linux-x86_64-debian-clang | 0.99.6 | 4.39 | 84.89 | 89.28 | OK | |
r-devel-linux-x86_64-debian-gcc | 0.99.6 | 3.41 | 66.48 | 69.89 | OK | |
r-devel-linux-x86_64-fedora-clang | 0.99.6 | 101.89 | NOTE | |||
r-devel-linux-x86_64-fedora-gcc | 0.99.6 | 98.51 | NOTE | |||
r-devel-windows-ix86+x86_64 | 0.99.6 | 13.00 | 123.00 | 136.00 | OK | |
r-patched-linux-x86_64 | 0.99.6 | 3.40 | 83.95 | 87.35 | OK | |
r-patched-solaris-x86 | 0.99.6 | 127.00 | NOTE | |||
r-release-linux-x86_64 | 0.99.6 | 3.88 | 84.51 | 88.39 | OK | |
r-release-windows-ix86+x86_64 | 0.99.6 | 13.00 | 123.00 | 136.00 | OK | |
r-release-osx-x86_64 | 0.99.6 | NOTE | ||||
r-oldrel-windows-ix86+x86_64 | 0.99.6 | 6.00 | 151.00 | 157.00 | OK | |
r-oldrel-osx-x86_64 | 0.99.6 | NOTE |
Version: 0.99.6
Check: dependencies in R code
Result: NOTE
Namespace in Imports field not imported from: ‘data.table’
All declared Imports should be used.
Flavors: r-devel-linux-x86_64-fedora-clang, r-devel-linux-x86_64-fedora-gcc, r-patched-solaris-x86, r-release-osx-x86_64, r-oldrel-osx-x86_64