Last updated on 2018-04-29 01:47:16 CEST.
Flavor | Version | Tinstall | Tcheck | Ttotal | Status | Flags |
---|---|---|---|---|---|---|
r-devel-linux-x86_64-debian-clang | 0.8.0 | 6.27 | 136.76 | 143.03 | OK | |
r-devel-linux-x86_64-debian-gcc | 0.8.0 | 6.52 | 123.45 | 129.97 | OK | |
r-devel-linux-x86_64-fedora-clang | 0.8.0 | 181.30 | NOTE | |||
r-devel-linux-x86_64-fedora-gcc | 0.8.0 | 178.71 | NOTE | |||
r-devel-windows-ix86+x86_64 | 0.8.0 | 28.00 | 252.00 | 280.00 | OK | |
r-patched-linux-x86_64 | 0.8.0 | 6.93 | 134.32 | 141.25 | OK | |
r-patched-solaris-x86 | 0.8.0 | 267.70 | NOTE | |||
r-release-linux-x86_64 | 0.8.0 | 6.59 | 134.83 | 141.42 | OK | |
r-release-windows-ix86+x86_64 | 0.8.0 | 28.00 | 252.00 | 280.00 | OK | |
r-release-osx-x86_64 | 0.8.0 | NOTE | ||||
r-oldrel-windows-ix86+x86_64 | 0.8.0 | 17.00 | 160.00 | 177.00 | OK | |
r-oldrel-osx-x86_64 | 0.8.0 | NOTE |
Version: 0.8.0
Check: dependencies in R code
Result: NOTE
Namespaces in Imports field not imported from:
‘AlgDesign’ ‘psych’
All declared Imports should be used.
Flavors: r-devel-linux-x86_64-fedora-clang, r-devel-linux-x86_64-fedora-gcc, r-patched-solaris-x86, r-release-osx-x86_64, r-oldrel-osx-x86_64