Last updated on 2018-04-29 01:47:16 CEST.
Flavor | Version | Tinstall | Tcheck | Ttotal | Status | Flags |
---|---|---|---|---|---|---|
r-devel-linux-x86_64-debian-clang | 0.8.0 | 8.39 | 127.10 | 135.49 | OK | |
r-devel-linux-x86_64-debian-gcc | 0.8.0 | 10.83 | 114.88 | 125.71 | OK | |
r-devel-linux-x86_64-fedora-clang | 0.8.0 | 170.90 | NOTE | |||
r-devel-linux-x86_64-fedora-gcc | 0.8.0 | 167.57 | NOTE | |||
r-devel-windows-ix86+x86_64 | 0.8.0 | 30.00 | 242.00 | 272.00 | OK | |
r-patched-linux-x86_64 | 0.8.0 | 10.93 | 125.32 | 136.25 | OK | |
r-patched-solaris-x86 | 0.8.0 | 250.90 | NOTE | |||
r-release-linux-x86_64 | 0.8.0 | 9.23 | 125.69 | 134.92 | OK | |
r-release-windows-ix86+x86_64 | 0.8.0 | 30.00 | 242.00 | 272.00 | OK | |
r-release-osx-x86_64 | 0.8.0 | NOTE | ||||
r-oldrel-windows-ix86+x86_64 | 0.8.0 | 20.00 | 139.00 | 159.00 | OK | |
r-oldrel-osx-x86_64 | 0.8.0 | NOTE |
Version: 0.8.0
Check: data for non-ASCII characters
Result: NOTE
Note: found 1 marked UTF-8 string
Flavors: r-devel-linux-x86_64-fedora-clang, r-devel-linux-x86_64-fedora-gcc, r-patched-solaris-x86, r-release-osx-x86_64, r-oldrel-osx-x86_64