CRAN Package Check Results for Package ragt2ridges

Last updated on 2018-04-29 01:47:16 CEST.

Flavor Version Tinstall Tcheck Ttotal Status Flags
r-devel-linux-x86_64-debian-clang 0.3.1 71.28 140.29 211.57 NOTE
r-devel-linux-x86_64-debian-gcc 0.3.1 51.73 120.33 172.06 NOTE
r-devel-linux-x86_64-fedora-clang 0.3.1 263.76 NOTE
r-devel-linux-x86_64-fedora-gcc 0.3.1 242.88 NOTE
r-devel-windows-ix86+x86_64 0.3.1 141.00 282.00 423.00 OK
r-patched-linux-x86_64 0.3.1 64.32 137.57 201.89 NOTE
r-patched-solaris-x86 0.3.1 303.70 OK
r-release-linux-x86_64 0.3.1 63.20 137.63 200.83 NOTE
r-release-windows-ix86+x86_64 0.3.1 141.00 282.00 423.00 OK
r-release-osx-x86_64 0.3.1 NOTE
r-oldrel-windows-ix86+x86_64 0.3.1 104.00 279.00 383.00 OK
r-oldrel-osx-x86_64 0.3.1 NOTE

Check Details

Version: 0.3.1
Check: Rd cross-references
Result: NOTE
    Package unavailable to check Rd xrefs: ‘CGHbase’
Flavors: r-devel-linux-x86_64-debian-clang, r-devel-linux-x86_64-debian-gcc, r-patched-linux-x86_64, r-release-linux-x86_64, r-release-osx-x86_64, r-oldrel-osx-x86_64

Version: 0.3.1
Check: data for non-ASCII characters
Result: NOTE
     Error in .requirePackage(package) :
     unable to find required package 'CGHbase'
     Calls: <Anonymous> ... .extendsForS3 -> extends -> getClassDef -> .requirePackage
     Execution halted
Flavors: r-devel-linux-x86_64-debian-clang, r-devel-linux-x86_64-debian-gcc, r-patched-linux-x86_64, r-release-linux-x86_64, r-release-osx-x86_64, r-oldrel-osx-x86_64

Version: 0.3.1
Check: installed package size
Result: NOTE
     installed size is 7.9Mb
     sub-directories of 1Mb or more:
     libs 7.3Mb
Flavors: r-devel-linux-x86_64-fedora-clang, r-devel-linux-x86_64-fedora-gcc, r-release-osx-x86_64, r-oldrel-osx-x86_64