CRAN Package Check Results for Package ramcmc

Last updated on 2018-04-29 01:47:16 CEST.

Flavor Version Tinstall Tcheck Ttotal Status Flags
r-devel-linux-x86_64-debian-clang 0.1.0 21.42 29.28 50.70 NOTE
r-devel-linux-x86_64-debian-gcc 0.1.0 17.99 23.91 41.90 NOTE
r-devel-linux-x86_64-fedora-clang 0.1.0 66.37 NOTE
r-devel-linux-x86_64-fedora-gcc 0.1.0 62.39 NOTE
r-devel-windows-ix86+x86_64 0.1.0 58.00 84.00 142.00 OK
r-patched-linux-x86_64 0.1.0 23.84 28.62 52.46 NOTE
r-patched-solaris-x86 0.1.0 76.10 OK
r-release-linux-x86_64 0.1.0 24.15 28.78 52.93 NOTE
r-release-windows-ix86+x86_64 0.1.0 58.00 84.00 142.00 OK
r-release-osx-x86_64 0.1.0 OK
r-oldrel-windows-ix86+x86_64 0.1.0 37.00 99.00 136.00 OK
r-oldrel-osx-x86_64 0.1.0 OK

Check Details

Version: 0.1.0
Check: compiled code
Result: NOTE
    File ‘ramcmc/libs/ramcmc.so’:
     Found no calls to: ‘R_registerRoutines’, ‘R_useDynamicSymbols’
    
    It is good practice to register native routines and to disable symbol
    search.
    
    See ‘Writing portable packages’ in the ‘Writing R Extensions’ manual.
Flavors: r-devel-linux-x86_64-debian-clang, r-devel-linux-x86_64-debian-gcc, r-devel-linux-x86_64-fedora-clang, r-devel-linux-x86_64-fedora-gcc, r-patched-linux-x86_64, r-release-linux-x86_64