CRAN Package Check Results for Package rappdirs

Last updated on 2018-04-29 01:47:17 CEST.

Flavor Version Tinstall Tcheck Ttotal Status Flags
r-devel-linux-x86_64-debian-clang 0.3.1 1.49 20.33 21.82 NOTE
r-devel-linux-x86_64-debian-gcc 0.3.1 1.15 16.84 17.99 NOTE
r-devel-linux-x86_64-fedora-clang 0.3.1 26.29 NOTE
r-devel-linux-x86_64-fedora-gcc 0.3.1 25.00 NOTE
r-devel-windows-ix86+x86_64 0.3.1 14.00 54.00 68.00 OK
r-patched-linux-x86_64 0.3.1 1.41 19.82 21.23 NOTE
r-patched-solaris-x86 0.3.1 40.90 OK
r-release-linux-x86_64 0.3.1 1.34 19.99 21.33 NOTE
r-release-windows-ix86+x86_64 0.3.1 14.00 54.00 68.00 OK
r-release-osx-x86_64 0.3.1 OK
r-oldrel-windows-ix86+x86_64 0.3.1 9.00 48.00 57.00 OK
r-oldrel-osx-x86_64 0.3.1 OK

Check Details

Version: 0.3.1
Check: compiled code
Result: NOTE
    File ‘rappdirs/libs/rappdirs.so’:
     Found no calls to: ‘R_registerRoutines’, ‘R_useDynamicSymbols’
    
    It is good practice to register native routines and to disable symbol
    search.
    
    See ‘Writing portable packages’ in the ‘Writing R Extensions’ manual.
Flavors: r-devel-linux-x86_64-debian-clang, r-devel-linux-x86_64-debian-gcc, r-devel-linux-x86_64-fedora-clang, r-devel-linux-x86_64-fedora-gcc, r-patched-linux-x86_64, r-release-linux-x86_64