CRAN Package Check Results for Package rase

Last updated on 2018-04-29 01:47:17 CEST.

Flavor Version Tinstall Tcheck Ttotal Status Flags
r-devel-linux-x86_64-debian-clang 0.3-3 5.93 78.30 84.23 OK
r-devel-linux-x86_64-debian-gcc 0.3-3 6.65 72.12 78.77 OK
r-devel-linux-x86_64-fedora-clang 0.3-3 106.01 OK
r-devel-linux-x86_64-fedora-gcc 0.3-3 101.08 OK
r-devel-windows-ix86+x86_64 0.3-3 19.00 125.00 144.00 OK
r-patched-linux-x86_64 0.3-3 6.89 77.70 84.59 OK
r-patched-solaris-x86 0.3-3 168.00 OK
r-release-linux-x86_64 0.3-3 6.19 77.13 83.32 OK
r-release-windows-ix86+x86_64 0.3-3 19.00 125.00 144.00 OK
r-release-osx-x86_64 0.3-3 NOTE
r-oldrel-windows-ix86+x86_64 0.3-3 13.00 144.00 157.00 OK
r-oldrel-osx-x86_64 0.3-3 OK

Check Details

Version: 0.3-3
Check: package dependencies
Result: NOTE
    Package suggested but not available for checking: ‘rpanel’
Flavor: r-release-osx-x86_64