CRAN Package Check Results for Package rdist

Last updated on 2018-04-29 01:47:17 CEST.

Flavor Version Tinstall Tcheck Ttotal Status Flags
r-devel-linux-x86_64-debian-clang 0.0.2 77.30 21.64 98.94 OK
r-devel-linux-x86_64-debian-gcc 0.0.2 67.90 18.67 86.57 OK
r-devel-linux-x86_64-fedora-clang 0.0.2 141.60 OK
r-devel-linux-x86_64-fedora-gcc 0.0.2 130.27 OK
r-devel-windows-ix86+x86_64 0.0.2 202.00 75.00 277.00 OK
r-patched-linux-x86_64 0.0.2 85.87 21.29 107.16 OK
r-patched-solaris-x86 0.0.2 125.30 ERROR
r-release-linux-x86_64 0.0.2 86.24 21.21 107.45 OK
r-release-windows-ix86+x86_64 0.0.2 202.00 75.00 277.00 OK
r-release-osx-x86_64 0.0.2 OK
r-oldrel-windows-ix86+x86_64 0.0.2 148.00 71.00 219.00 OK
r-oldrel-osx-x86_64 0.0.2 OK

Additional issues

ATLAS

Check Details

Version: 0.0.2
Check: tests
Result: ERROR
     Running ‘testthat.R’
    Running the tests in ‘tests/testthat.R’ failed.
    Complete output:
     > library(testthat)
     > library(rdist)
     >
     > test_check("rdist")
     ── 1. Failure: euclidean metric works as expected (@test-euclidean.R#12) ──────
     `dist_mat` not equivalent to pdist(x).
     10/10000 mismatches (average diff: 1.7e-08)
     [1011] 0 - NaN == NaN
     [3132] 0 - 2.11e-08 == -2.11e-08
     [3738] 0 - NaN == NaN
     [4243] 0 - 1.49e-08 == -1.49e-08
     [5051] 0 - NaN == NaN
     [6970] 0 - 1.49e-08 == -1.49e-08
     [7475] 0 - NaN == NaN
     [7677] 0 - NaN == NaN
     [8788] 0 - NaN == NaN
     ...
    
     ── 2. Failure: euclidean metric works as expected (@test-euclidean.R#13) ──────
     `dist_mat` not equivalent to cdist(x, x).
     10/10000 mismatches (average diff: 1.7e-08)
     [1011] 0 - NaN == NaN
     [3132] 0 - 2.11e-08 == -2.11e-08
     [3738] 0 - NaN == NaN
     [4243] 0 - 1.49e-08 == -1.49e-08
     [5051] 0 - NaN == NaN
     [6970] 0 - 1.49e-08 == -1.49e-08
     [7475] 0 - NaN == NaN
     [7677] 0 - NaN == NaN
     [8788] 0 - NaN == NaN
     ...
    
     ══ testthat results ═══════════════════════════════════════════════════════════
     OK: 63 SKIPPED: 0 FAILED: 2
     1. Failure: euclidean metric works as expected (@test-euclidean.R#12)
     2. Failure: euclidean metric works as expected (@test-euclidean.R#13)
    
     Error: testthat unit tests failed
     Execution halted
Flavor: r-patched-solaris-x86