CRAN Package Check Results for Package recexcavAAR

Last updated on 2018-04-29 01:47:18 CEST.

Flavor Version Tinstall Tcheck Ttotal Status Flags
r-devel-linux-x86_64-debian-clang 0.3.0 53.31 45.01 98.32 OK
r-devel-linux-x86_64-debian-gcc 0.3.0 49.86 36.14 86.00 OK
r-devel-linux-x86_64-fedora-clang 0.3.0 135.86 NOTE
r-devel-linux-x86_64-fedora-gcc 0.3.0 129.85 NOTE
r-devel-windows-ix86+x86_64 0.3.0 152.00 108.00 260.00 OK
r-patched-linux-x86_64 0.3.0 63.09 42.88 105.97 NOTE
r-patched-solaris-x86 0.3.0 130.70 WARN
r-release-linux-x86_64 0.3.0 66.40 42.70 109.10 NOTE
r-release-windows-ix86+x86_64 0.3.0 152.00 108.00 260.00 OK
r-release-osx-x86_64 0.3.0 WARN
r-oldrel-windows-ix86+x86_64 0.3.0 116.00 126.00 242.00 OK
r-oldrel-osx-x86_64 0.3.0 WARN

Check Details

Version: 0.3.0
Check: installed package size
Result: NOTE
     installed size is 5.5Mb
     sub-directories of 1Mb or more:
     doc 2.5Mb
     libs 2.8Mb
Flavors: r-devel-linux-x86_64-fedora-clang, r-devel-linux-x86_64-fedora-gcc

Version: 0.3.0
Check: DESCRIPTION meta-information
Result: NOTE
    Dependence on R version ‘3.3.2’ not with patchlevel 0
Flavors: r-patched-linux-x86_64, r-release-linux-x86_64

Version: 0.3.0
Check: re-building of vignette outputs
Result: WARN
    Error in re-building vignettes:
     ...
    Warning in engine$weave(file, quiet = quiet, encoding = enc) :
     Pandoc (>= 1.12.3) and/or pandoc-citeproc not available. Falling back to R Markdown v1.
    Quitting from lines 13-17 (recexcavAAR-vignette-1.Rmd)
    Error: processing vignette 'recexcavAAR-vignette-1.Rmd' failed with diagnostics:
    These vignettes assume pandoc version 1.13.1; older versions will not work.
    Execution halted
Flavors: r-patched-solaris-x86, r-release-osx-x86_64, r-oldrel-osx-x86_64

Version: 0.3.0
Check: package dependencies
Result: NOTE
    Package suggested but not available for checking: ‘devtools’
Flavor: r-oldrel-osx-x86_64