CRAN Package Check Results for Package rgenoud

Last updated on 2018-04-29 01:47:18 CEST.

Flavor Version Tinstall Tcheck Ttotal Status Flags
r-devel-linux-x86_64-debian-clang 5.8-1.0 9.70 51.49 61.19 NOTE
r-devel-linux-x86_64-debian-gcc 5.8-1.0 6.28 54.57 60.85 WARN
r-devel-linux-x86_64-fedora-clang 5.8-1.0 78.29 NOTE
r-devel-linux-x86_64-fedora-gcc 5.8-1.0 79.19 WARN
r-devel-windows-ix86+x86_64 5.8-1.0 48.00 225.00 273.00 WARN
r-patched-linux-x86_64 5.8-1.0 8.71 59.38 68.09 WARN
r-patched-solaris-x86 5.8-1.0 109.30 NOTE
r-release-linux-x86_64 5.8-1.0 8.44 67.09 75.53 WARN
r-release-windows-ix86+x86_64 5.8-1.0 48.00 225.00 273.00 WARN
r-release-osx-x86_64 5.8-1.0 NOTE
r-oldrel-windows-ix86+x86_64 5.8-1.0 25.00 231.00 256.00 NOTE
r-oldrel-osx-x86_64 5.8-1.0 NOTE

Additional issues

clang-UBSAN

Check Details

Version: 5.8-1.0
Check: R code for possible problems
Result: NOTE
    genoud: multiple local function definitions for ‘fn1.bfgs’ with
     different formal arguments
    genoud: multiple local function definitions for ‘gr1’ with different
     formal arguments
    genoud: multiple local function definitions for ‘hess.fn’ with
     different formal arguments
    genoud_transform: multiple local function definitions for ‘fn1.bfgs’
     with different formal arguments
    genoud_transform: multiple local function definitions for ‘gr1’ with
     different formal arguments
Flavors: r-devel-linux-x86_64-debian-clang, r-devel-linux-x86_64-debian-gcc, r-devel-linux-x86_64-fedora-clang, r-devel-linux-x86_64-fedora-gcc, r-devel-windows-ix86+x86_64, r-patched-linux-x86_64, r-patched-solaris-x86, r-release-linux-x86_64, r-release-windows-ix86+x86_64, r-release-osx-x86_64, r-oldrel-windows-ix86+x86_64, r-oldrel-osx-x86_64

Version: 5.8-1.0
Check: whether package can be installed
Result: WARN
    Found the following significant warnings:
     evaluate.cpp:787:18: warning: suggest parentheses around comparison in operand of ‘&’ [-Wparentheses]
     evaluate.cpp:1097:10: warning: suggest parentheses around comparison in operand of ‘&’ [-Wparentheses]
     evaluate.cpp:1207:19: warning: suggest parentheses around comparison in operand of ‘&’ [-Wparentheses]
     evaluate.cpp:3172:18: warning: suggest parentheses around comparison in operand of ‘&’ [-Wparentheses]
     print_format.cpp:57:18: warning: suggest parentheses around comparison in operand of ‘&’ [-Wparentheses]
     print_format.cpp:71:18: warning: suggest parentheses around comparison in operand of ‘&’ [-Wparentheses]
Flavors: r-devel-linux-x86_64-debian-gcc, r-devel-linux-x86_64-fedora-gcc, r-devel-windows-ix86+x86_64, r-patched-linux-x86_64, r-release-linux-x86_64, r-release-windows-ix86+x86_64