Last updated on 2018-04-29 01:47:18 CEST.
Flavor | Version | Tinstall | Tcheck | Ttotal | Status | Flags |
---|---|---|---|---|---|---|
r-devel-linux-x86_64-debian-clang | 0.1.0 | 0.87 | 19.48 | 20.35 | OK | |
r-devel-linux-x86_64-debian-gcc | 0.1.0 | 0.61 | 16.53 | 17.14 | OK | |
r-devel-linux-x86_64-fedora-clang | 0.1.0 | 24.22 | NOTE | |||
r-devel-linux-x86_64-fedora-gcc | 0.1.0 | 22.72 | NOTE | |||
r-devel-windows-ix86+x86_64 | 0.1.0 | 3.00 | 53.00 | 56.00 | OK | |
r-patched-linux-x86_64 | 0.1.0 | 0.89 | 19.03 | 19.92 | OK | |
r-patched-solaris-x86 | 0.1.0 | 39.30 | NOTE | |||
r-release-linux-x86_64 | 0.1.0 | 0.97 | 18.89 | 19.86 | OK | |
r-release-windows-ix86+x86_64 | 0.1.0 | 3.00 | 53.00 | 56.00 | OK | |
r-release-osx-x86_64 | 0.1.0 | NOTE | ||||
r-oldrel-windows-ix86+x86_64 | 0.1.0 | 2.00 | 33.00 | 35.00 | OK | |
r-oldrel-osx-x86_64 | 0.1.0 | NOTE |
Version: 0.1.0
Check: dependencies in R code
Result: NOTE
Namespace in Imports field not imported from: ‘dplyr’
All declared Imports should be used.
Flavors: r-devel-linux-x86_64-fedora-clang, r-devel-linux-x86_64-fedora-gcc, r-patched-solaris-x86, r-release-osx-x86_64, r-oldrel-osx-x86_64