CRAN Package Check Results for Package riskRegression

Last updated on 2018-04-29 01:47:18 CEST.

Flavor Version Tinstall Tcheck Ttotal Status Flags
r-devel-linux-x86_64-debian-clang 2018.04.21 137.22 649.18 786.40 OK
r-devel-linux-x86_64-debian-gcc 2018.04.21 120.78 366.64 487.42 OK
r-devel-linux-x86_64-fedora-clang 2018.04.21 781.74 NOTE
r-devel-linux-x86_64-fedora-gcc 2018.04.21 654.27 NOTE
r-devel-windows-ix86+x86_64 2018.04.21 356.00 967.00 1323.00 OK
r-patched-linux-x86_64 2018.04.21 151.78 418.24 570.02 OK
r-patched-solaris-x86 2018.04.21 785.50 OK
r-release-linux-x86_64 2018.04.21 147.28 420.51 567.79 OK
r-release-windows-ix86+x86_64 2018.04.21 356.00 967.00 1323.00 OK
r-release-osx-x86_64 2018.04.21 OK
r-oldrel-windows-ix86+x86_64 2018.04.21 246.00 1181.00 1427.00 OK
r-oldrel-osx-x86_64 2018.04.21 OK

Check Details

Version: 2018.04.21
Check: installed package size
Result: NOTE
     installed size is 5.5Mb
     sub-directories of 1Mb or more:
     libs 4.6Mb
Flavors: r-devel-linux-x86_64-fedora-clang, r-devel-linux-x86_64-fedora-gcc