Last updated on 2018-04-29 01:47:19 CEST.
Flavor | Version | Tinstall | Tcheck | Ttotal | Status | Flags |
---|---|---|---|---|---|---|
r-devel-linux-x86_64-debian-clang | 4-6 | 7.20 | 21.56 | 28.76 | NOTE | |
r-devel-linux-x86_64-debian-gcc | 4-6 | 5.11 | 19.95 | 25.06 | NOTE | |
r-devel-linux-x86_64-fedora-clang | 4-6 | 35.66 | NOTE | |||
r-devel-linux-x86_64-fedora-gcc | 4-6 | 32.88 | NOTE | |||
r-devel-windows-ix86+x86_64 | 4-6 | 26.00 | 52.00 | 78.00 | OK | |
r-patched-linux-x86_64 | 4-6 | 7.20 | 21.17 | 28.37 | NOTE | |
r-patched-solaris-x86 | 4-6 | 53.20 | OK | |||
r-release-linux-x86_64 | 4-6 | 7.21 | 21.04 | 28.25 | NOTE | |
r-release-windows-ix86+x86_64 | 4-6 | 26.00 | 52.00 | 78.00 | OK | |
r-release-osx-x86_64 | 4-6 | OK | ||||
r-oldrel-windows-ix86+x86_64 | 4-6 | 13.00 | 59.00 | 72.00 | OK | |
r-oldrel-osx-x86_64 | 4-6 | OK |
Version: 4-6
Check: compiled code
Result: NOTE
File ‘rjags/libs/rjags.so’:
Found no calls to: ‘R_registerRoutines’, ‘R_useDynamicSymbols’
It is good practice to register native routines and to disable symbol
search.
See ‘Writing portable packages’ in the ‘Writing R Extensions’ manual.
Flavors: r-devel-linux-x86_64-debian-clang, r-devel-linux-x86_64-debian-gcc, r-devel-linux-x86_64-fedora-clang, r-devel-linux-x86_64-fedora-gcc, r-patched-linux-x86_64, r-release-linux-x86_64