CRAN Package Check Results for Package rmgarch

Last updated on 2018-04-29 01:47:19 CEST.

Flavor Version Tinstall Tcheck Ttotal Status Flags
r-devel-linux-x86_64-debian-clang 1.3-0 115.75 187.67 303.42 NOTE
r-devel-linux-x86_64-debian-gcc 1.3-0 94.79 154.71 249.50 NOTE
r-devel-linux-x86_64-fedora-clang 1.3-0 403.15 NOTE
r-devel-linux-x86_64-fedora-gcc 1.3-0 377.02 NOTE
r-devel-windows-ix86+x86_64 1.3-0 242.00 292.00 534.00 NOTE
r-patched-linux-x86_64 1.3-0 120.58 192.77 313.35 NOTE
r-patched-solaris-x86 1.3-0 437.50 OK
r-release-linux-x86_64 1.3-0 114.97 187.61 302.58 NOTE
r-release-windows-ix86+x86_64 1.3-0 242.00 292.00 534.00 NOTE
r-release-osx-x86_64 1.3-0 NOTE
r-oldrel-windows-ix86+x86_64 1.3-0 142.00 293.00 435.00 OK
r-oldrel-osx-x86_64 1.3-0 WARN

Check Details

Version: 1.3-0
Check: compiled code
Result: NOTE
    File ‘rmgarch/libs/rmgarch.so’:
     Found no calls to: ‘R_registerRoutines’, ‘R_useDynamicSymbols’
    
    It is good practice to register native routines and to disable symbol
    search.
    
    See ‘Writing portable packages’ in the ‘Writing R Extensions’ manual.
Flavors: r-devel-linux-x86_64-debian-clang, r-devel-linux-x86_64-debian-gcc, r-devel-linux-x86_64-fedora-clang, r-devel-linux-x86_64-fedora-gcc, r-patched-linux-x86_64, r-release-linux-x86_64

Version: 1.3-0
Check: installed package size
Result: NOTE
     installed size is 8.4Mb
     sub-directories of 1Mb or more:
     R 2.0Mb
     libs 5.4Mb
Flavors: r-devel-linux-x86_64-fedora-clang, r-devel-linux-x86_64-fedora-gcc, r-devel-windows-ix86+x86_64, r-release-windows-ix86+x86_64, r-release-osx-x86_64, r-oldrel-osx-x86_64

Version: 1.3-0
Check: re-building of vignette outputs
Result: WARN
    Error in re-building vignettes:
     ...
    Error in texi2dvi(file = file, pdf = TRUE, clean = clean, quiet = quiet, :
     Running 'texi2dvi' on 'The_rmgarch_models.tex' failed.
    LaTeX errors:
    ! LaTeX Error: File `appendix.sty' not found.
    
    Type X to quit or <RETURN> to proceed,
    or enter new name. (Default extension: sty)
    
    ! Emergency stop.
    <read *>
    
    l.9 \usepackage
     [round]{natbib}^^M
    ! ==> Fatal error occurred, no output PDF file produced!
    Calls: buildVignettes -> texi2pdf -> texi2dvi
    Execution halted
Flavor: r-oldrel-osx-x86_64