CRAN Package Check Results for Package rnaturalearthdata

Last updated on 2018-04-29 01:47:19 CEST.

Flavor Version Tinstall Tcheck Ttotal Status Flags
r-devel-linux-x86_64-debian-clang 0.1.0 7.61 25.88 33.49 OK
r-devel-linux-x86_64-debian-gcc 0.1.0 6.40 21.94 28.34 OK
r-devel-linux-x86_64-fedora-clang 0.1.0 40.30 NOTE
r-devel-linux-x86_64-fedora-gcc 0.1.0 38.84 NOTE
r-devel-windows-ix86+x86_64 0.1.0 14.00 55.00 69.00 OK
r-patched-linux-x86_64 0.1.0 7.26 25.46 32.72 OK
r-patched-solaris-x86 0.1.0 65.20 NOTE
r-release-linux-x86_64 0.1.0 6.81 25.28 32.09 OK
r-release-windows-ix86+x86_64 0.1.0 14.00 55.00 69.00 OK
r-release-osx-x86_64 0.1.0 NOTE
r-oldrel-windows-ix86+x86_64 0.1.0 9.00 58.00 67.00 OK
r-oldrel-osx-x86_64 0.1.0 NOTE

Check Details

Version: 0.1.0
Check: data for non-ASCII characters
Result: NOTE
     Note: found 133 marked Latin-1 strings
Flavors: r-devel-linux-x86_64-fedora-clang, r-devel-linux-x86_64-fedora-gcc, r-patched-solaris-x86, r-release-osx-x86_64, r-oldrel-osx-x86_64