Last updated on 2018-04-29 01:47:19 CEST.
Flavor | Version | Tinstall | Tcheck | Ttotal | Status | Flags |
---|---|---|---|---|---|---|
r-devel-linux-x86_64-debian-clang | 0.2.2 | 2.14 | 21.30 | 23.44 | OK | |
r-devel-linux-x86_64-debian-gcc | 0.2.2 | 1.60 | 18.04 | 19.64 | OK | |
r-devel-linux-x86_64-fedora-clang | 0.2.2 | 28.25 | OK | |||
r-devel-linux-x86_64-fedora-gcc | 0.2.2 | 26.79 | OK | |||
r-devel-windows-ix86+x86_64 | 0.2.2 | 5.00 | 48.00 | 53.00 | OK | |
r-patched-linux-x86_64 | 0.2.2 | 1.86 | 21.04 | 22.90 | OK | |
r-patched-solaris-x86 | 0.2.2 | 41.50 | OK | |||
r-release-linux-x86_64 | 0.2.2 | 2.09 | 21.04 | 23.13 | OK | |
r-release-windows-ix86+x86_64 | 0.2.2 | 5.00 | 48.00 | 53.00 | OK | |
r-release-osx-x86_64 | 0.2.2 | OK | ||||
r-oldrel-windows-ix86+x86_64 | 0.2.2 | 3.00 | 31.00 | 34.00 | OK | |
r-oldrel-osx-x86_64 | 0.2.2 | NOTE |
Version: 0.2.2
Check: package dependencies
Result: NOTE
Package suggested but not available for checking: ‘cartography’
Flavor: r-oldrel-osx-x86_64