CRAN Package Check Results for Package rrcov

Last updated on 2018-04-29 01:47:20 CEST.

Flavor Version Tinstall Tcheck Ttotal Status Flags
r-devel-linux-x86_64-debian-clang 1.4-3 17.39 148.17 165.56 NOTE
r-devel-linux-x86_64-debian-gcc 1.4-3 15.63 116.31 131.94 NOTE
r-devel-linux-x86_64-fedora-clang 1.4-3 199.98 NOTE
r-devel-linux-x86_64-fedora-gcc 1.4-3 190.81 NOTE
r-devel-windows-ix86+x86_64 1.4-3 49.00 314.00 363.00 OK
r-patched-linux-x86_64 1.4-3 18.96 146.01 164.97 NOTE
r-patched-solaris-x86 1.4-3 243.70 OK
r-release-linux-x86_64 1.4-3 16.88 147.61 164.49 NOTE
r-release-windows-ix86+x86_64 1.4-3 49.00 314.00 363.00 OK
r-release-osx-x86_64 1.4-3 OK
r-oldrel-windows-ix86+x86_64 1.4-3 20.00 239.00 259.00 OK
r-oldrel-osx-x86_64 1.4-3 OK

Additional issues

MKL

Check Details

Version: 1.4-3
Check: compiled code
Result: NOTE
    File ‘rrcov/libs/rrcov.so’:
     Found no calls to: ‘R_registerRoutines’, ‘R_useDynamicSymbols’
    
    It is good practice to register native routines and to disable symbol
    search.
    
    See ‘Writing portable packages’ in the ‘Writing R Extensions’ manual.
Flavors: r-devel-linux-x86_64-debian-clang, r-devel-linux-x86_64-debian-gcc, r-devel-linux-x86_64-fedora-clang, r-devel-linux-x86_64-fedora-gcc, r-patched-linux-x86_64, r-release-linux-x86_64