CRAN Package Check Results for Package rrcovNA

Last updated on 2018-04-29 01:47:20 CEST.

Flavor Version Tinstall Tcheck Ttotal Status Flags
r-devel-linux-x86_64-debian-clang 0.4-9 6.73 48.26 54.99 NOTE
r-devel-linux-x86_64-debian-gcc 0.4-9 6.66 38.67 45.33 NOTE
r-devel-linux-x86_64-fedora-clang 0.4-9 65.02 NOTE
r-devel-linux-x86_64-fedora-gcc 0.4-9 63.57 NOTE
r-devel-windows-ix86+x86_64 0.4-9 26.00 106.00 132.00 OK
r-patched-linux-x86_64 0.4-9 8.72 46.19 54.91 NOTE
r-patched-solaris-x86 0.4-9 92.20 OK
r-release-linux-x86_64 0.4-9 8.78 45.96 54.74 NOTE
r-release-windows-ix86+x86_64 0.4-9 26.00 106.00 132.00 OK
r-release-osx-x86_64 0.4-9 OK
r-oldrel-windows-ix86+x86_64 0.4-9 13.00 80.00 93.00 OK
r-oldrel-osx-x86_64 0.4-9 OK

Check Details

Version: 0.4-9
Check: compiled code
Result: NOTE
    File ‘rrcovNA/libs/rrcovNA.so’:
     Found no calls to: ‘R_registerRoutines’, ‘R_useDynamicSymbols’
    
    It is good practice to register native routines and to disable symbol
    search.
    
    See ‘Writing portable packages’ in the ‘Writing R Extensions’ manual.
Flavors: r-devel-linux-x86_64-debian-clang, r-devel-linux-x86_64-debian-gcc, r-devel-linux-x86_64-fedora-clang, r-devel-linux-x86_64-fedora-gcc, r-patched-linux-x86_64, r-release-linux-x86_64