Last updated on 2018-04-29 01:47:20 CEST.
Flavor | Version | Tinstall | Tcheck | Ttotal | Status | Flags |
---|---|---|---|---|---|---|
r-devel-linux-x86_64-debian-clang | 2.5.3 | 3.04 | 100.97 | 104.01 | OK | |
r-devel-linux-x86_64-debian-gcc | 2.5.3 | 2.61 | 80.54 | 83.15 | OK | |
r-devel-windows-ix86+x86_64 | 2.5.3 | 8.00 | 112.00 | 120.00 | OK | |
r-patched-linux-x86_64 | 2.5.3 | 3.25 | 104.45 | 107.70 | OK | |
r-release-linux-x86_64 | 2.5.3 | 3.25 | 101.26 | 104.51 | OK | |
r-release-windows-ix86+x86_64 | 2.5.3 | 8.00 | 112.00 | 120.00 | OK | |
r-release-osx-x86_64 | 2.5.3 | WARN | ||||
r-oldrel-windows-ix86+x86_64 | 2.5.3 | 3.00 | 118.00 | 121.00 | OK | |
r-oldrel-osx-x86_64 | 2.5.3 | WARN |
Version: 2.5.3
Check: re-building of vignette outputs
Result: WARN
Error in re-building vignettes:
...
Quitting from lines 307-310 (article.Rnw)
Error: processing vignette 'article.Rnw' failed with diagnostics:
Please run "rscala::scalaInstall()" or install Scala manually.
Execution halted
Flavors: r-release-osx-x86_64, r-oldrel-osx-x86_64