CRAN Package Check Results for Package rstanarm

Last updated on 2018-04-29 01:47:20 CEST.

Flavor Version Tinstall Tcheck Ttotal Status Flags
r-devel-linux-x86_64-debian-clang 2.17.4 1139.99 630.56 1770.55 NOTE
r-devel-linux-x86_64-debian-gcc 2.17.4 1013.01 492.76 1505.77 NOTE
r-devel-linux-x86_64-fedora-clang 2.17.4 2326.80 NOTE
r-devel-linux-x86_64-fedora-gcc 2.17.4 2367.94 NOTE
r-devel-windows-ix86+x86_64 2.17.4 1983.00 228.00 2211.00 NOTE --no-examples --no-tests --no-vignettes
r-patched-linux-x86_64 2.17.4 1142.36 626.48 1768.84 NOTE
r-patched-solaris-x86 2.17.4 2181.40 WARN
r-release-linux-x86_64 2.17.4 1143.91 630.72 1774.63 NOTE
r-release-windows-ix86+x86_64 2.17.4 1983.00 228.00 2211.00 NOTE --no-examples --no-tests --no-vignettes
r-release-osx-x86_64 2.17.4 WARN
r-oldrel-windows-ix86+x86_64 2.17.4 1382.00 355.00 1737.00 NOTE --no-examples --no-tests --no-vignettes
r-oldrel-osx-x86_64 2.17.4 WARN

Additional issues

clang-UBSAN

Check Details

Version: 2.17.4
Check: for GNU extensions in Makefiles
Result: NOTE
    GNU make is a SystemRequirements.
Flavors: r-devel-linux-x86_64-debian-clang, r-devel-linux-x86_64-debian-gcc, r-devel-linux-x86_64-fedora-clang, r-devel-linux-x86_64-fedora-gcc, r-patched-linux-x86_64, r-patched-solaris-x86, r-release-linux-x86_64, r-release-osx-x86_64, r-oldrel-osx-x86_64

Version: 2.17.4
Check: installed package size
Result: NOTE
     installed size is 157.3Mb
     sub-directories of 1Mb or more:
     R 1.4Mb
     doc 2.9Mb
     libs 152.5Mb
Flavors: r-devel-linux-x86_64-fedora-clang, r-devel-linux-x86_64-fedora-gcc, r-patched-solaris-x86, r-release-osx-x86_64, r-oldrel-osx-x86_64

Version: 2.17.4
Flags: --no-examples --no-tests --no-vignettes
Check: installed package size
Result: NOTE
     installed size is 22.1Mb
     sub-directories of 1Mb or more:
     R 1.4Mb
     doc 2.8Mb
     libs 17.3Mb
Flavors: r-devel-windows-ix86+x86_64, r-release-windows-ix86+x86_64, r-oldrel-windows-ix86+x86_64

Version: 2.17.4
Flags: --no-examples --no-tests --no-vignettes
Check: for GNU extensions in Makefiles
Result: NOTE
    GNU make is a SystemRequirements.
Flavors: r-devel-windows-ix86+x86_64, r-release-windows-ix86+x86_64, r-oldrel-windows-ix86+x86_64

Version: 2.17.4
Check: re-building of vignette outputs
Result: WARN
    Error in re-building vignettes:
     ...
    Warning in engine$weave(file, quiet = quiet, encoding = enc) :
     Pandoc (>= 1.12.3) and/or pandoc-citeproc not available. Falling back to R Markdown v1.
    Quitting from lines 2-15 (./children/SETTINGS-knitr.txt)
    Quitting from lines NA-15 (./children/SETTINGS-knitr.txt)
    Error: processing vignette 'aov.Rmd' failed with diagnostics:
    object 'params' not found
    Execution halted
Flavors: r-patched-solaris-x86, r-release-osx-x86_64, r-oldrel-osx-x86_64