Last updated on 2018-04-29 01:47:20 CEST.
Flavor | Version | Tinstall | Tcheck | Ttotal | Status | Flags |
---|---|---|---|---|---|---|
r-devel-linux-x86_64-debian-clang | 1.5.0 | 0.96 | 32.80 | 33.76 | OK | |
r-devel-linux-x86_64-debian-gcc | 1.5.0 | 0.76 | 27.49 | 28.25 | OK | |
r-devel-linux-x86_64-fedora-clang | 1.5.0 | 37.14 | OK | |||
r-devel-linux-x86_64-fedora-gcc | 1.5.0 | 34.40 | OK | |||
r-devel-windows-ix86+x86_64 | 1.5.0 | 5.00 | 62.00 | 67.00 | OK | |
r-patched-linux-x86_64 | 1.5.0 | 1.29 | 32.18 | 33.47 | OK | |
r-patched-solaris-x86 | 1.5.0 | 48.40 | WARN | |||
r-release-linux-x86_64 | 1.5.0 | 1.16 | 32.75 | 33.91 | OK | |
r-release-windows-ix86+x86_64 | 1.5.0 | 5.00 | 62.00 | 67.00 | OK | |
r-release-osx-x86_64 | 1.5.0 | WARN | ||||
r-oldrel-windows-ix86+x86_64 | 1.5.0 | 2.00 | 69.00 | 71.00 | OK | |
r-oldrel-osx-x86_64 | 1.5.0 | WARN |
Version: 1.5.0
Check: re-building of vignette outputs
Result: WARN
Error in re-building vignettes:
...
Warning in engine$weave(file, quiet = quiet, encoding = enc) :
Pandoc (>= 1.12.3) and/or pandoc-citeproc not available. Falling back to R Markdown v1.
Warning in engine$weave(file, quiet = quiet, encoding = enc) :
Pandoc (>= 1.12.3) and/or pandoc-citeproc not available. Falling back to R Markdown v1.
Quitting from lines 17-22 (minimal-rstan-package.Rmd)
Error: processing vignette 'minimal-rstan-package.Rmd' failed with diagnostics:
object 'params' not found
Execution halted
Flavors: r-patched-solaris-x86, r-release-osx-x86_64, r-oldrel-osx-x86_64