Last updated on 2018-04-29 01:47:20 CEST.
Flavor | Version | Tinstall | Tcheck | Ttotal | Status | Flags |
---|---|---|---|---|---|---|
r-devel-linux-x86_64-debian-clang | 0.4.2 | 0.64 | 2.95 | 3.59 | ERROR | |
r-devel-linux-x86_64-debian-gcc | 0.4.2 | 0.71 | 2.27 | 2.98 | ERROR | |
r-devel-linux-x86_64-fedora-clang | 0.4.2 | 3.78 | ERROR | |||
r-devel-linux-x86_64-fedora-gcc | 0.4.2 | 3.56 | ERROR | |||
r-devel-windows-ix86+x86_64 | 0.4.2 | 2.00 | 17.00 | 19.00 | ERROR | |
r-patched-linux-x86_64 | 0.4.2 | 0.55 | 2.70 | 3.25 | ERROR | |
r-patched-solaris-x86 | 0.4.2 | 5.10 | ERROR | |||
r-release-linux-x86_64 | 0.4.2 | 0.52 | 2.74 | 3.26 | ERROR | |
r-release-windows-ix86+x86_64 | 0.4.2 | 2.00 | 17.00 | 19.00 | ERROR | |
r-release-osx-x86_64 | 0.4.2 | ERROR | ||||
r-oldrel-windows-ix86+x86_64 | 0.4.2 | 2.00 | 6.00 | 8.00 | ERROR | |
r-oldrel-osx-x86_64 | 0.4.2 | OK |
Version: 0.4.2
Check: whether package can be installed
Result: ERROR
Installation failed.
Flavors: r-devel-linux-x86_64-debian-clang, r-devel-linux-x86_64-debian-gcc, r-devel-linux-x86_64-fedora-clang, r-devel-linux-x86_64-fedora-gcc, r-devel-windows-ix86+x86_64, r-patched-linux-x86_64, r-patched-solaris-x86, r-release-linux-x86_64, r-release-windows-ix86+x86_64, r-release-osx-x86_64, r-oldrel-windows-ix86+x86_64