CRAN Package Check Results for Package rtk

Last updated on 2018-04-29 01:47:20 CEST.

Flavor Version Tinstall Tcheck Ttotal Status Flags
r-devel-linux-x86_64-debian-clang 0.2.5.4 43.41 26.91 70.32 OK
r-devel-linux-x86_64-debian-gcc 0.2.5.4 41.99 23.97 65.96 OK
r-devel-linux-x86_64-fedora-clang 0.2.5.4 99.11 NOTE
r-devel-linux-x86_64-fedora-gcc 0.2.5.4 99.66 NOTE
r-devel-windows-ix86+x86_64 0.2.5.4 138.00 84.00 222.00 OK
r-patched-linux-x86_64 0.2.5.4 48.13 26.44 74.57 OK
r-patched-solaris-x86 0.2.5.4 106.50 OK
r-release-linux-x86_64 0.2.5.4 50.63 26.62 77.25 OK
r-release-windows-ix86+x86_64 0.2.5.4 138.00 84.00 222.00 OK
r-release-osx-x86_64 0.2.5.4 NOTE
r-oldrel-windows-ix86+x86_64 0.2.5.4 108.00 84.00 192.00 OK
r-oldrel-osx-x86_64 0.2.5.4 NOTE

Check Details

Version: 0.2.5.4
Check: installed package size
Result: NOTE
     installed size is 7.0Mb
     sub-directories of 1Mb or more:
     libs 6.9Mb
Flavors: r-devel-linux-x86_64-fedora-clang, r-devel-linux-x86_64-fedora-gcc, r-release-osx-x86_64, r-oldrel-osx-x86_64