Last updated on 2018-04-29 01:47:20 CEST.
Flavor | Version | Tinstall | Tcheck | Ttotal | Status | Flags |
---|---|---|---|---|---|---|
r-devel-linux-x86_64-debian-clang | 0.6.0 | 6.76 | 51.16 | 57.92 | OK | |
r-devel-linux-x86_64-debian-gcc | 0.6.0 | 5.10 | 43.00 | 48.10 | OK | |
r-devel-linux-x86_64-fedora-clang | 0.6.0 | 69.42 | NOTE | |||
r-devel-linux-x86_64-fedora-gcc | 0.6.0 | 66.52 | NOTE | |||
r-devel-windows-ix86+x86_64 | 0.6.0 | 17.00 | 85.00 | 102.00 | OK | |
r-patched-linux-x86_64 | 0.6.0 | 5.54 | 49.64 | 55.18 | OK | |
r-patched-solaris-x86 | 0.6.0 | 94.50 | NOTE | |||
r-release-linux-x86_64 | 0.6.0 | 8.62 | 51.03 | 59.65 | OK | |
r-release-windows-ix86+x86_64 | 0.6.0 | 17.00 | 85.00 | 102.00 | OK | |
r-release-osx-x86_64 | 0.6.0 | NOTE | ||||
r-oldrel-windows-ix86+x86_64 | 0.6.0 | 9.00 | 69.00 | 78.00 | OK | |
r-oldrel-osx-x86_64 | 0.6.0 | NOTE |
Version: 0.6.0
Check: data for non-ASCII characters
Result: NOTE
Note: found 113868 marked UTF-8 strings
Flavors: r-devel-linux-x86_64-fedora-clang, r-devel-linux-x86_64-fedora-gcc, r-patched-solaris-x86, r-release-osx-x86_64, r-oldrel-osx-x86_64