Last updated on 2018-04-29 01:47:23 CEST.
Flavor | Version | Tinstall | Tcheck | Ttotal | Status | Flags |
---|---|---|---|---|---|---|
r-devel-linux-x86_64-debian-clang | 1.0.3 | 1.33 | 23.68 | 25.01 | NOTE | |
r-devel-linux-x86_64-debian-gcc | 1.0.3 | 0.84 | 19.20 | 20.04 | NOTE | |
r-devel-linux-x86_64-fedora-clang | 1.0.3 | 29.55 | NOTE | |||
r-devel-linux-x86_64-fedora-gcc | 1.0.3 | 28.26 | NOTE | |||
r-devel-windows-ix86+x86_64 | 1.0.3 | 5.00 | 49.00 | 54.00 | OK | |
r-patched-linux-x86_64 | 1.0.3 | 1.43 | 22.74 | 24.17 | NOTE | |
r-patched-solaris-x86 | 1.0.3 | 55.80 | NOTE | |||
r-release-linux-x86_64 | 1.0.3 | 1.37 | 22.98 | 24.35 | NOTE | |
r-release-windows-ix86+x86_64 | 1.0.3 | 5.00 | 49.00 | 54.00 | OK | |
r-release-osx-x86_64 | 1.0.3 | NOTE | ||||
r-oldrel-windows-ix86+x86_64 | 1.0.3 | 3.00 | 31.00 | 34.00 | OK | |
r-oldrel-osx-x86_64 | 1.0.3 | NOTE |
Version: 1.0.3
Check: package dependencies
Result: NOTE
Package suggested but not available for checking: ‘mixer’
Flavors: r-devel-linux-x86_64-debian-clang, r-devel-linux-x86_64-debian-gcc, r-devel-linux-x86_64-fedora-clang, r-devel-linux-x86_64-fedora-gcc, r-patched-linux-x86_64, r-patched-solaris-x86, r-release-linux-x86_64
Version: 1.0.3
Check: data for non-ASCII characters
Result: NOTE
Note: found 6 marked UTF-8 strings
Flavors: r-devel-linux-x86_64-fedora-clang, r-devel-linux-x86_64-fedora-gcc, r-patched-solaris-x86, r-release-osx-x86_64, r-oldrel-osx-x86_64
Version: 1.0.3
Check: package dependencies
Result: NOTE
Packages suggested but not available for checking:
‘mixer’ ‘networkTomography’ ‘org.Sc.sgd.db’
Flavor: r-release-osx-x86_64
Version: 1.0.3
Check: package dependencies
Result: NOTE
Packages suggested but not available for checking:
‘GO.db’ ‘GOstats’ ‘networkTomography’ ‘org.Sc.sgd.db’
Flavor: r-oldrel-osx-x86_64