CRAN Package Check Results for Package scatr

Last updated on 2018-04-29 01:47:23 CEST.

Flavor Version Tinstall Tcheck Ttotal Status Flags
r-devel-linux-x86_64-debian-clang 1.0.1 3.21 16.79 20.00 OK
r-devel-linux-x86_64-debian-gcc 1.0.1 2.48 14.04 16.52 OK
r-devel-linux-x86_64-fedora-clang 1.0.1 23.67 NOTE
r-devel-linux-x86_64-fedora-gcc 1.0.1 22.93 NOTE
r-devel-windows-ix86+x86_64 1.0.1 8.00 35.00 43.00 OK
r-patched-linux-x86_64 1.0.1 3.16 16.93 20.09 OK
r-patched-solaris-x86 1.0.1 37.70 NOTE
r-release-linux-x86_64 1.0.1 2.75 16.71 19.46 OK
r-release-windows-ix86+x86_64 1.0.1 8.00 35.00 43.00 OK
r-release-osx-x86_64 1.0.1 NOTE
r-oldrel-windows-ix86+x86_64 1.0.1 2.00 35.00 37.00 OK
r-oldrel-osx-x86_64 1.0.1 NOTE

Check Details

Version: 1.0.1
Check: dependencies in R code
Result: NOTE
    Namespaces in Imports field not imported from:
     ‘R6’ ‘cowplot’ ‘ggplot2’ ‘ggridges’ ‘ggstance’ ‘jmvcore’
     All declared Imports should be used.
Flavors: r-devel-linux-x86_64-fedora-clang, r-devel-linux-x86_64-fedora-gcc, r-patched-solaris-x86, r-release-osx-x86_64, r-oldrel-osx-x86_64