Last updated on 2018-04-29 01:47:23 CEST.
Flavor | Version | Tinstall | Tcheck | Ttotal | Status | Flags |
---|---|---|---|---|---|---|
r-devel-linux-x86_64-debian-clang | 1.0.8 | 334.64 | 372.82 | 707.46 | OK | |
r-devel-linux-x86_64-debian-gcc | 1.0.8 | 287.90 | 271.30 | 559.20 | OK | |
r-devel-linux-x86_64-fedora-clang | 1.0.8 | 1002.94 | NOTE | |||
r-devel-linux-x86_64-fedora-gcc | 1.0.8 | 944.79 | NOTE | |||
r-devel-windows-ix86+x86_64 | 1.0.8 | 930.00 | 477.00 | 1407.00 | NOTE | |
r-patched-linux-x86_64 | 1.0.8 | 359.98 | 350.95 | 710.93 | OK | |
r-patched-solaris-x86 | 1.0.8 | 1012.90 | NOTE | |||
r-release-linux-x86_64 | 1.0.8 | 354.39 | 351.11 | 705.50 | OK | |
r-release-windows-ix86+x86_64 | 1.0.8 | 930.00 | 477.00 | 1407.00 | NOTE | |
r-release-osx-x86_64 | 1.0.8 | NOTE | ||||
r-oldrel-windows-ix86+x86_64 | 1.0.8 | 690.00 | 399.00 | 1089.00 | NOTE | |
r-oldrel-osx-x86_64 | 1.0.8 | NOTE |
Version: 1.0.8
Check: installed package size
Result: NOTE
installed size is 19.8Mb
sub-directories of 1Mb or more:
doc 6.0Mb
libs 13.0Mb
Flavors: r-devel-linux-x86_64-fedora-clang, r-devel-linux-x86_64-fedora-gcc, r-devel-windows-ix86+x86_64, r-patched-solaris-x86, r-release-windows-ix86+x86_64, r-release-osx-x86_64, r-oldrel-windows-ix86+x86_64, r-oldrel-osx-x86_64