CRAN Package Check Results for Package shadowtext

Last updated on 2018-04-29 01:47:24 CEST.

Flavor Version Tinstall Tcheck Ttotal Status Flags
r-devel-linux-x86_64-debian-clang 0.0.2 1.74 29.12 30.86 NOTE
r-devel-linux-x86_64-debian-gcc 0.0.2 1.77 25.19 26.96 NOTE
r-devel-linux-x86_64-fedora-clang 0.0.2 37.21 NOTE
r-devel-linux-x86_64-fedora-gcc 0.0.2 35.50 NOTE
r-devel-windows-ix86+x86_64 0.0.2 6.00 56.00 62.00 OK
r-patched-linux-x86_64 0.0.2 1.94 28.85 30.79 NOTE
r-patched-solaris-x86 0.0.2 58.00 OK
r-release-linux-x86_64 0.0.2 1.92 28.63 30.55 NOTE
r-release-windows-ix86+x86_64 0.0.2 6.00 56.00 62.00 OK
r-release-osx-x86_64 0.0.2 OK
r-oldrel-windows-ix86+x86_64 0.0.2 4.00 49.00 53.00 OK
r-oldrel-osx-x86_64 0.0.2 OK

Check Details

Version: 0.0.2
Check: DESCRIPTION meta-information
Result: NOTE
    Dependence on R version ‘3.4.1’ not with patchlevel 0
Flavors: r-devel-linux-x86_64-debian-clang, r-devel-linux-x86_64-debian-gcc, r-devel-linux-x86_64-fedora-clang, r-devel-linux-x86_64-fedora-gcc, r-patched-linux-x86_64, r-release-linux-x86_64