Last updated on 2018-04-29 01:47:24 CEST.
Flavor | Version | Tinstall | Tcheck | Ttotal | Status | Flags |
---|---|---|---|---|---|---|
r-devel-linux-x86_64-debian-clang | 0.2.2 | 2.54 | 77.85 | 80.39 | OK | |
r-devel-linux-x86_64-debian-gcc | 0.2.2 | 1.64 | 61.07 | 62.71 | OK | |
r-devel-linux-x86_64-fedora-clang | 0.2.2 | 96.07 | NOTE | |||
r-devel-linux-x86_64-fedora-gcc | 0.2.2 | 91.82 | NOTE | |||
r-devel-windows-ix86+x86_64 | 0.2.2 | 6.00 | 115.00 | 121.00 | OK | |
r-patched-linux-x86_64 | 0.2.2 | 2.35 | 78.40 | 80.75 | OK | |
r-patched-solaris-x86 | 0.2.2 | 123.70 | NOTE | |||
r-release-linux-x86_64 | 0.2.2 | 1.64 | 80.27 | 81.91 | OK | |
r-release-windows-ix86+x86_64 | 0.2.2 | 6.00 | 115.00 | 121.00 | OK | |
r-release-osx-x86_64 | 0.2.2 | NOTE | ||||
r-oldrel-windows-ix86+x86_64 | 0.2.2 | 4.00 | 120.00 | 124.00 | OK | |
r-oldrel-osx-x86_64 | 0.2.2 | NOTE |
Version: 0.2.2
Check: dependencies in R code
Result: NOTE
Namespace in Imports field not imported from: ‘dplyr’
All declared Imports should be used.
Flavors: r-devel-linux-x86_64-fedora-clang, r-devel-linux-x86_64-fedora-gcc, r-patched-solaris-x86, r-release-osx-x86_64, r-oldrel-osx-x86_64