Last updated on 2018-04-29 01:47:24 CEST.
Flavor | Version | Tinstall | Tcheck | Ttotal | Status | Flags |
---|---|---|---|---|---|---|
r-devel-linux-x86_64-debian-clang | 0.2.4 | 1.41 | 32.37 | 33.78 | OK | |
r-devel-linux-x86_64-debian-gcc | 0.2.4 | 1.07 | 25.34 | 26.41 | OK | |
r-devel-linux-x86_64-fedora-clang | 0.2.4 | 40.85 | NOTE | |||
r-devel-linux-x86_64-fedora-gcc | 0.2.4 | 37.29 | NOTE | |||
r-devel-windows-ix86+x86_64 | 0.2.4 | 4.00 | 66.00 | 70.00 | OK | |
r-patched-linux-x86_64 | 0.2.4 | 1.44 | 31.10 | 32.54 | OK | |
r-patched-solaris-x86 | 0.2.4 | 69.50 | NOTE | |||
r-release-linux-x86_64 | 0.2.4 | 1.29 | 31.06 | 32.35 | OK | |
r-release-windows-ix86+x86_64 | 0.2.4 | 4.00 | 66.00 | 70.00 | OK | |
r-release-osx-x86_64 | 0.2.4 | NOTE | ||||
r-oldrel-windows-ix86+x86_64 | 0.2.4 | 3.00 | 55.00 | 58.00 | OK | |
r-oldrel-osx-x86_64 | 0.2.4 | NOTE |
Version: 0.2.4
Check: dependencies in R code
Result: NOTE
Namespace in Imports field not imported from: ‘dplyr’
All declared Imports should be used.
Flavors: r-devel-linux-x86_64-fedora-clang, r-devel-linux-x86_64-fedora-gcc, r-patched-solaris-x86, r-release-osx-x86_64, r-oldrel-osx-x86_64